000
CXUS53 KLMK 011303
CLMBWG

CLIMATE REPORT
NATIONAL WEATHER SERVICE LOUISVILLE KY
903 AM EDT THU SEP 01 2022

...................................

...THE BOWLING GREEN KY CLIMATE SUMMARY FOR THE MONTH OF AUGUST 2022...

CLIMATE NORMAL PERIOD 1991 TO 2020
CLIMATE RECORD PERIOD 1870 TO 2022

WEATHER         OBSERVED          NORMAL  DEPART   LAST YEAR`S
                VALUE   DATE(S)   VALUE   FROM     VALUE DATE(S)
                                          NORMAL
................................................................
TEMPERATURE (F)
RECORD
 HIGH            110   08/09/1930
                       08/13/1881
 LOW              42   08/31/1946
HIGHEST           96   08/28         MM      MM       97  08/11
                                                          08/12
LOWEST            59   08/13         MM      MM       60  08/03
                                                          08/04
                                                          08/05
AVG. MAXIMUM    89.0               89.3    -0.3     89.9
AVG. MINIMUM    68.5               67.7     0.8     70.1
MEAN            78.8               78.5     0.3     80.0
DAYS MAX >= 90    15               14.7     0.3       18
DAYS MAX <= 32     0                0.0     0.0        0
DAYS MIN <= 32     0                0.0     0.0        0
DAYS MIN <= 0      0                0.0     0.0        0

PRECIPITATION (INCHES)
RECORD
 MAXIMUM       11.33   2014
 MINIMUM        0.70   1924
TOTALS          0.96               3.89   -2.93     5.40
DAILY AVG.      0.03               0.13   -0.10     0.17
DAYS >= .01        7                8.8    -1.8       12
DAYS >= .10        4                5.7    -1.7        8
DAYS >= .50        0                2.8    -2.8        3
DAYS >= 1.00       0                1.4    -1.4        1
GREATEST
 24 HR. TOTAL   0.26   08/29 TO 08/30

SNOWFALL (INCHES)
RECORDS
 TOTAL            MM   5
TOTALS           0.0                 MM      MM      0.0
SINCE 7/1        0.0                 MM      MM       MM
SNOWDEPTH AVG.     0                                   0
DAYS >= 1.0        0                 MM      MM        0
GREATEST
 SNOW DEPTH        0                                   0  MM

DEGREE DAYS
HEATING TOTAL      0                  0       0        0
 SINCE 7/1         0                  0       0       MM
COOLING TOTAL    435                419      16      472
 SINCE 1/1      1633               1409     224       MM
................................................................

WIND (MPH)
AVERAGE WIND SPEED              4.4
HIGHEST WIND SPEED/DIRECTION    29/230    DATE  08/07
HIGHEST GUST SPEED/DIRECTION    38/220    DATE  08/07

SKY COVER
POSSIBLE SUNSHINE (PERCENT)   MM
AVERAGE SKY COVER           0.26
NUMBER OF DAYS FAIR           21
NUMBER OF DAYS PC             10
NUMBER OF DAYS CLOUDY          0

AVERAGE RH (PERCENT)     70

WEATHER CONDITIONS. NUMBER OF DAYS WITH
THUNDERSTORM             10     MIXED PRECIP               0
HEAVY RAIN                3     RAIN                       5
LIGHT RAIN               12     FREEZING RAIN              0
LT FREEZING RAIN          0     HAIL                       0
HEAVY SNOW                0     SNOW                       0
LIGHT SNOW                0     SLEET                      0
FOG                      16     FOG W/VIS <= 1/4 MILE      1
HAZE                      2

-  INDICATES NEGATIVE NUMBERS.
R  INDICATES RECORD WAS SET OR TIED.
MM INDICATES DATA IS MISSING.
T  INDICATES TRACE AMOUNT.

$$
