000
CXUS52 KCAE 011543
CLMCAE

CLIMATE REPORT
NATIONAL WEATHER SERVICE COLUMBIA SC
1143 AM EDT SAT OCT 01 2022

...................................

...THE COLUMBIA METRO AIRPORT SC CLIMATE SUMMARY FOR THE MONTH OF SEPTEMBER 2022...

CLIMATE NORMAL PERIOD: 1991 TO 2020
CLIMATE RECORD PERIOD: 1887 TO 2022

WEATHER         OBSERVED          NORMAL  DEPART   LAST YEAR`S
                VALUE   DATE(S)   VALUE   FROM     VALUE
                                          NORMAL
..............................................................
TEMPERATURE (F)
RECORD
 HIGH            106   09/04/1925
 LOW              40   09/30/1967
HIGHEST           99   09/22         MM      MM
LOWEST            47   09/24         MM      MM
AVG. MAXIMUM    86.0               85.7     0.3
AVG. MINIMUM    63.8               65.3    -1.5
MEAN            74.9               75.5    -0.6
DAYS MAX >= 90    11                9.7     1.3
DAYS MAX <= 32     0                0.0     0.0
DAYS MIN <= 32     0                0.0     0.0
DAYS MIN <= 0      0                0.0     0.0

PRECIPITATION (INCHES)
RECORD
 MAXIMUM       14.64   1928
 MINIMUM           T   2005
TOTALS          3.15               3.91   -0.76
DAILY AVG.      0.11               0.13   -0.02
DAYS >= .01        7                8.0    -1.0
DAYS >= .10        2                5.3    -3.3
DAYS >= .50        2                2.3    -0.3
DAYS >= 1.00       1                1.2    -0.2
GREATEST
 24 HR. TOTAL   2.12   09/30 TO 09/30
 STORM TOTAL    2.12
 (MM/DD(HH))

SNOWFALL (INCHES)
RECORDS
 TOTAL            MM   MM
TOTALS           0.0                0.0     0.0
SINCE 7/1        0.0                0.0     0.0
DAYS >= TRACE      0                0.0     0.0
DAYS >= 1.0        0                0.0     0.0
GREATEST
 SNOW DEPTH        0

DEGREE DAYS
HEATING TOTAL      8                  6       2
 SINCE 7/1         8                  4       4
COOLING TOTAL    312                321      -9
 SINCE 1/1      2256               2128     128

FREEZE DATES
RECORD
 EARLIEST     10/15/1991
 LATEST       04/03/1964
EARLIEST                        MM
LATEST                          04/10
..............................................................

WIND (MPH)
AVERAGE WIND SPEED              5.8
RESULTANT WIND SPEED/DIRECTION   2/040
HIGHEST WIND SPEED/DIRECTION    28/310    DATE  09/22
HIGHEST GUST SPEED/DIRECTION    39/320    DATE  09/22

SKY COVER
POSSIBLE SUNSHINE (PERCENT)   MM
AVERAGE SKY COVER           0.45
NUMBER OF DAYS FAIR           13
NUMBER OF DAYS PC             11
NUMBER OF DAYS CLOUDY          6

AVERAGE RH (PERCENT)     68

WEATHER CONDITIONS. NUMBER OF DAYS WITH
THUNDERSTORM              4     MIXED PRECIP               0
HEAVY RAIN                3     RAIN                       2
LIGHT RAIN                9     FREEZING RAIN              0
LT FREEZING RAIN          0     HAIL                       0
HEAVY SNOW                0     SNOW                       0
LIGHT SNOW                0     SLEET                      0
FOG                      12     FOG W/VIS <= 1/4 MILE      0
HAZE                      5

-  INDICATES NEGATIVE NUMBERS.
R  INDICATES RECORD WAS SET OR TIED.
MM INDICATES DATA IS MISSING.
T  INDICATES TRACE AMOUNT.

$$
