000
CXUS51 KCLE 031737
CLMCAK

CLIMATE REPORT
NATIONAL WEATHER SERVICE CLEVELAND, OH
137 PM EDT MON OCT 03 2022

...................................

...THE AKRON CANTON OH CLIMATE SUMMARY FOR THE MONTH OF SEPTEMBER 2022...

CLIMATE NORMAL PERIOD 1991 TO 2020
CLIMATE RECORD PERIOD 1887 TO 2022

WEATHER         OBSERVED          NORMAL  DEPART   LAST YEAR`S
                VALUE   DATE(S)   VALUE   FROM     VALUE
                                          NORMAL
..............................................................
TEMPERATURE (F)
RECORD
 HIGH             99   10/07/5881
                       10/07/5881
 LOW              29   10/07/5881
HIGHEST           87   09/02
LOWEST            42   09/23
                       09/30
AVG. MAXIMUM    75.3               75.9    -0.6     78.2
AVG. MINIMUM    57.0               54.9     2.1     57.4
MEAN            66.2               65.4     0.8     67.8
DAYS MAX >= 90     0                1.1    -1.1        0
DAYS MAX <= 32     0                0.0     0.0        0
DAYS MIN <= 32     0                0.0     0.0        0
DAYS MIN <= 0      0                0.0     0.0        0

PRECIPITATION (INCHES)
RECORD
 MAXIMUM       11.98   1926
 MINIMUM        0.20   1960
TOTALS          2.87               3.50   -0.63     2.18
DAYS >= .01       14                9.9     4.1        7
DAYS >= .10        5                6.3    -1.3        5
DAYS >= .50        1                2.4    -1.4        2
DAYS >= 1.00       0                0.9    -0.9        0
GREATEST
 24 HR. TOTAL   0.89   09/04 TO 09/04               1.07

SNOWFALL (INCHES)
RECORDS
 TOTAL             T   2003
TOTALS           0.0                0.0     0.0      0.0
SINCE 7/1        0.0                0.0     0.0      0.0
DAYS >= 1.0        0                0.0     0.0        0
GREATEST
 24 HR TOTAL     0.0

DEGREE DAYS
HEATING TOTAL     81                 84      -3       37
 SINCE 7/1        81                 94     -13       37
COOLING TOTAL    123                 96      27      129
 SINCE 1/1      1076                856     220     1084
..............................................................

WIND (MPH)
AVERAGE WIND SPEED              7.4
HIGHEST WIND SPEED/DIRECTION    28/270    DATE  09/25
HIGHEST GUST SPEED/DIRECTION    35/270    DATE  09/25
                                35/300          09/26

SKY COVER
AVERAGE SKY COVER           0.60

AVERAGE RH (PERCENT)     70

WEATHER CONDITIONS. NUMBER OF DAYS WITH
THUNDERSTORM              6     MIXED PRECIP               0
HEAVY RAIN                2     RAIN                       6
LIGHT RAIN               12     FREEZING RAIN              0
LT FREEZING RAIN          0     HAIL                       0
HEAVY SNOW                0     SNOW                       0
LIGHT SNOW                0     SLEET                      0
FOG                      15     FOG W/VIS <= 1/4 MILE      1
HAZE                      9

-  INDICATES NEGATIVE NUMBERS.
R  INDICATES RECORD WAS SET OR TIED.
MM INDICATES DATA IS MISSING.
T  INDICATES TRACE AMOUNT.

$$
