000
CXUS55 KABQ 011401
CLMCAO

CLIMATE REPORT
NATIONAL WEATHER SERVICE ALBUQUERQUE NM
801 AM MDT SAT OCT 01 2022

...................................

...THE CLAYTON  NM CLIMATE SUMMARY FOR THE MONTH OF SEPTEMBER 2022...

CLIMATE NORMAL PERIOD 1991 TO 2020
CLIMATE RECORD PERIOD 1896 TO 2022

WEATHER         OBSERVED          NORMAL  DEPART   LAST YEAR`S
                VALUE   DATE(S)   VALUE   FROM     VALUE DATE(S)
                                          NORMAL
................................................................
TEMPERATURE (F)
RECORD
 HIGH             99   09/06/2020
                       09/05/2010
                       09/05/1948
 LOW              26   09/29/1985
HIGHEST           94   09/06         MM      MM       99  09/11
                       09/07
LOWEST            48   09/10         MM      MM       43  09/25
AVG. MAXIMUM    85.4               80.3     5.1     85.7
AVG. MINIMUM    55.5               52.5     3.0     55.3
MEAN            70.5               66.4     4.1     70.5
DAYS MAX >= 90     8                4.6     3.4       10
DAYS MAX <= 32     0                0.0     0.0        0
DAYS MIN <= 32     0                0.1    -0.1        0
DAYS MIN <= 0      0                0.0     0.0        0

PRECIPITATION (INCHES)
TOTALS          0.08R              1.75   -1.67     0.40
DAILY AVG.      0.00               0.06   -0.06     0.01
DAYS >= .01        3                6.3    -3.3        4
DAYS >= .10        0                3.2    -3.2        2
DAYS >= .50        0                1.0    -1.0        0
DAYS >= 1.00       0                0.4    -0.4        0
GREATEST
 24 HR. TOTAL   0.05   09/22 TO 09/22               0.21

SNOWFALL (INCHES)
TOTALS           0.0                0.0     0.0      0.0
SINCE 7/1        0.0                0.0     0.0       MM
DAYS >= 1.0        0                0.0     0.0        0
GREATEST
 SNOW DEPTH        0                                   0  MM
 24 HR TOTAL      MM                                 0.0

DEGREE DAYS
HEATING TOTAL     16                 68     -52       20
 SINCE 7/1        17                 76     -59       MM
COOLING TOTAL    185                110      75      193
 SINCE 1/1      1248                955     293       MM
................................................................

WIND (MPH)
AVERAGE WIND SPEED              10.9
HIGHEST WIND SPEED/DIRECTION    32/260    DATE  09/12
HIGHEST GUST SPEED/DIRECTION    53/260    DATE  09/12

SKY COVER
AVERAGE SKY COVER           0.12

AVERAGE RH (PERCENT)     47

WEATHER CONDITIONS. NUMBER OF DAYS WITH
THUNDERSTORM              3     MIXED PRECIP               0
HEAVY RAIN                0     RAIN                       0
LIGHT RAIN                7     FREEZING RAIN              0
LT FREEZING RAIN          0     HAIL                       0
HEAVY SNOW                0     SNOW                       0
LIGHT SNOW                0     SLEET                      0
FOG                       2     FOG W/VIS <= 1/4 MILE      0
HAZE                      4

-  INDICATES NEGATIVE NUMBERS.
R  INDICATES RECORD WAS SET OR TIED.
MM INDICATES DATA IS MISSING.
T  INDICATES TRACE AMOUNT.

$$
