000
CXUS55 KCYS 011527
CLMCDR

CLIMATE REPORT
NATIONAL WEATHER SERVICE CHEYENNE WY
927 AM MDT THU SEP 01 2022

...................................

...THE CHADRON NEBRASKA AIRPORT CLIMATE SUMMARY FOR THE MONTH OF AUGUST 2022...

CLIMATE NORMAL PERIOD 1991 TO 2020
CLIMATE RECORD PERIOD 1895 TO 2022

WEATHER         OBSERVED          NORMAL  DEPART   LAST YEAR`S
                VALUE   DATE(S)   VALUE   FROM     VALUE DATE(S)
                                          NORMAL
................................................................
TEMPERATURE (F)
RECORD
 HIGH            111   08/25/1926
 LOW              34   08/23/2015
HIGHEST          109   08/05         MM      MM      105
LOWEST            47   08/30         MM      MM       43
AVG. MAXIMUM    94.3               88.9     5.4     92.0
AVG. MINIMUM    59.7               56.6     3.1     55.3
MEAN            77.0               72.8     4.2     73.6
DAYS MAX >= 90    22               16.5     5.5       22
DAYS MAX <= 32     0                0.0     0.0        0
DAYS MIN <= 32     0                0.0     0.0        0
DAYS MIN <= 0      0                0.0     0.0        0

PRECIPITATION (INCHES)
RECORD
 MAXIMUM        5.00   1979
TOTALS          1.10               1.27   -0.17     0.78
DAYS >= .01        9                5.8     3.2        5
DAYS >= .10        3                2.7     0.3        2
DAYS >= .50        1                0.6     0.4        1
DAYS >= 1.00       0                0.1    -0.1        0
GREATEST
 24 HR. TOTAL   0.66   08/14 TO 08/14               0.58  08/18 TO 08/19


DEGREE DAYS
HEATING TOTAL      0                 19     -19        4
 SINCE 7/1         0                 21     -21       MM
COOLING TOTAL    381                259     122      278
 SINCE 1/1       958                728     230       MM
................................................................

WIND (MPH)
AVERAGE WIND SPEED              8.2
HIGHEST WIND SPEED/DIRECTION    40/250    DATE  08/05
HIGHEST GUST SPEED/DIRECTION    54/260    DATE  08/05

SKY COVER
POSSIBLE SUNSHINE (PERCENT)   MM
AVERAGE SKY COVER           0.16
NUMBER OF DAYS FAIR           26
NUMBER OF DAYS PC              5
NUMBER OF DAYS CLOUDY          0

AVERAGE RH (PERCENT)     51

WEATHER CONDITIONS. NUMBER OF DAYS WITH
THUNDERSTORM              9     MIXED PRECIP               0
HEAVY RAIN                2     RAIN                       2
LIGHT RAIN               11     FREEZING RAIN              0
LT FREEZING RAIN          0     HAIL                       0
HEAVY SNOW                0     SNOW                       0
LIGHT SNOW                0     SLEET                      0
FOG                       7     FOG W/VIS <= 1/4 MILE      2
HAZE                      3

-  INDICATES NEGATIVE NUMBERS.
R  INDICATES RECORD WAS SET OR TIED.
MM INDICATES DATA IS MISSING.
T  INDICATES TRACE AMOUNT.

$$
