000
CXUS54 KLUB 011431
CLMCDS

CLIMATE REPORT
NATIONAL WEATHER SERVICE LUBBOCK TX
931 AM CDT SAT OCT 01 2022

...................................

...THE CHILDRESS CLIMATE SUMMARY FOR THE MONTH OF SEPTEMBER 2022...

CLIMATE NORMAL PERIOD 1991 TO 2020
CLIMATE RECORD PERIOD 1893 TO 2022

WEATHER         OBSERVED          NORMAL  DEPART   LAST YEAR`S
                VALUE   DATE(S)   VALUE   FROM     VALUE DATE(S)
                                          NORMAL
................................................................
TEMPERATURE (F)
RECORD
 HIGH            108   09/01/1951
 LOW              34   09/30/1984
HIGHEST           96   09/02                         101  09/11
                       09/17
                       09/21
LOWEST            54   09/26                          50  09/22
AVG. MAXIMUM    92.2               86.7     5.5     92.9
AVG. MINIMUM    64.4               62.0     2.4     64.7
MEAN            78.3               74.4     3.9     78.8
DAYS MAX >= 90    23               12.6    10.4       25
DAYS MAX <= 32     0                0.0     0.0        0
DAYS MIN <= 32     0                0.0     0.0        0
DAYS MIN <= 0      0                0.0     0.0        0

PRECIPITATION (INCHES)
RECORD
 MAXIMUM       11.70   1936
 MINIMUM        0.00   1939
TOTALS          0.07               2.38   -2.31     0.59
DAILY AVG.      0.00               0.08   -0.08     0.02
DAYS >= .01        1                6.3    -5.3        3
DAYS >= .10        0                3.8    -3.8        2
DAYS >= .50        0                1.2    -1.2        0
DAYS >= 1.00       0                0.5    -0.5        0
GREATEST
 24 HR. TOTAL   0.07   09/10 TO 09/10

SNOWFALL (INCHES)
RECORDS
 TOTAL             T   1992
TOTALS           0.0                0.0     0.0      0.0
SINCE 7/1        0.0                0.0     0.0       MM
SNOWDEPTH AVG.     0                                   0
DAYS >= TRACE      0                0.0     0.0        0
DAYS >= 1.0        0                0.0     0.0        0
GREATEST
 SNOW DEPTH        0                                   0  MM
 24 HR TOTAL     0.0    MM                           0.0

DEGREE DAYS
HEATING TOTAL      0                 13     -13        0
 SINCE 7/1         0                 10     -10       MM
COOLING TOTAL    406                294     112      422
 SINCE 1/1      2791               2176     615       MM
................................................................

WIND (MPH)
AVERAGE WIND SPEED              9.2
HIGHEST WIND SPEED/DIRECTION    28/360    DATE  09/10
HIGHEST GUST SPEED/DIRECTION    39/050    DATE  09/25

SKY COVER
POSSIBLE SUNSHINE (PERCENT)   MM
AVERAGE SKY COVER           0.06
NUMBER OF DAYS FAIR           30
NUMBER OF DAYS PC              0
NUMBER OF DAYS CLOUDY          0

AVERAGE RH (PERCENT)     49

WEATHER CONDITIONS. NUMBER OF DAYS WITH
THUNDERSTORM              2     MIXED PRECIP               0
HEAVY RAIN                0     RAIN                       1
LIGHT RAIN                3     FREEZING RAIN              0
LT FREEZING RAIN          0     HAIL                       0
HEAVY SNOW                0     SNOW                       0
LIGHT SNOW                0     SLEET                      0
FOG                       1     FOG W/VIS <= 1/4 MILE      0
HAZE                      1

-  INDICATES NEGATIVE NUMBERS.
R  INDICATES RECORD WAS SET OR TIED.
MM INDICATES DATA IS MISSING.
T  INDICATES TRACE AMOUNT.

$$
