000
CXUS56 KEKA 020300
CLMCEC

CLIMATE REPORT
NATIONAL WEATHER SERVICE EUREKA CA
800 PM PDT SAT OCT 01 2022

...................................

...THE CRESCENT CITY CA CLIMATE SUMMARY FOR THE MONTH OF SEPTEMBER 2022...

CLIMATE NORMAL PERIOD: 1991 TO 2020
CLIMATE RECORD PERIOD: 1894 TO 2022

WEATHER         OBSERVED          NORMAL  DEPART   LAST YEAR`S
                VALUE   DATE(S)   VALUE   FROM     VALUE
                                          NORMAL
..............................................................
TEMPERATURE (F)
RECORD
 HIGH             97   MM
 LOW              41   09/30/2019
HIGHEST           72   09/07         MM      MM       83
                       09/24
LOWEST            48   09/09         MM      MM       42
                       09/24
AVG. MAXIMUM    64.9               64.5     0.4
AVG. MINIMUM    52.8               50.2     2.6
MEAN            58.9               57.3     1.6     56.2
DAYS MAX >= 90     0
DAYS MIN <= 32     0

PRECIPITATION (INCHES)
RECORD
 MAXIMUM        3.51   2021
TOTALS          0.46R              1.10   -0.64     3.51
DAYS >= .01        6
DAYS >= .10        1
DAYS >= .50        0
DAYS >= 1.00       0


DEGREE DAYS
HEATING TOTAL    177                231     -54
COOLING TOTAL      0                  1      -1
..............................................................

WIND (MPH)
AVERAGE WIND SPEED              5.3
RESULTANT WIND SPEED/DIRECTION   1/200
HIGHEST WIND SPEED/DIRECTION    23/350    DATE  09/08
                                23/330          09/29
HIGHEST GUST SPEED/DIRECTION    36/340    DATE  09/29

SKY COVER
AVERAGE SKY COVER           0.59


WEATHER CONDITIONS. NUMBER OF DAYS WITH
THUNDERSTORM              0     HEAVY RAIN                 1
RAIN                      0     LIGHT RAIN                 5
SNOW                      0     LIGHT SNOW                 0
FOG                      14     FOG W/VIS <= 1/4 MILE     16
HAZE                     25

-  INDICATES NEGATIVE NUMBERS.
R  INDICATES RECORD WAS SET OR TIED.
MM INDICATES DATA IS MISSING.
T  INDICATES TRACE AMOUNT.

$$
