000
CXUS55 KGJT 010949
CLMCEZ

CLIMATE REPORT
NATIONAL WEATHER SERVICE GRAND JUNCTION CO
349 AM MDT THU SEP 01 2022

...................................

...THE CORTEZ CO CLIMATE SUMMARY FOR THE MONTH OF AUGUST 2022...

CLIMATE NORMAL PERIOD 1991 TO 2020
CLIMATE RECORD PERIOD 9999 TO 9999

WEATHER         OBSERVED          NORMAL  DEPART   LAST YEAR`S
                VALUE   DATE(S)   VALUE   FROM     VALUE DATE(S)
                                          NORMAL
................................................................
TEMPERATURE (F)
HIGHEST           96   08/03         MM      MM       94  08/06
                                                          08/10
                                                          08/13
LOWEST            47   08/29         MM      MM       44  08/08
                                                          08/25
AVG. MAXIMUM    87.7               87.3     0.4     88.7
AVG. MINIMUM    56.3               52.4     3.9     52.0
MEAN            72.0               69.9     2.1     70.4
DAYS MAX >= 90    14               11.7     2.3       17
DAYS MAX <= 32     0                0.0     0.0        0
DAYS MIN <= 32     0                0.0     0.0        0
DAYS MIN <= 0      0                0.0     0.0        0

PRECIPITATION (INCHES)
TOTALS          2.24               1.59    0.65     1.73
DAILY AVG.      0.07               0.05    0.02     0.06
DAYS >= .01        9                8.7     0.3        8
DAYS >= .10        4                3.4     0.6        4
DAYS >= .50        2                0.6     1.4        1
DAYS >= 1.00       0                0.1    -0.1        0
GREATEST
 24 HR. TOTAL   0.98   08/15 TO 08/16               0.68

SNOWFALL (INCHES)
TOTALS            MM                 MM      MM       MM
SINCE 7/1         MM                 MM      MM       MM
SNOWDEPTH AVG.    MM                                  MM
DAYS >= 1.0       MM                 MM      MM       MM
GREATEST
 SNOW DEPTH       MM                                  MM  MM
 24 HR TOTAL      MM                                  MM

DEGREE DAYS
HEATING TOTAL      0                  8      -8        3
 SINCE 7/1         0                  7      -7        3
COOLING TOTAL    224                158      66      178
 SINCE 1/1       669                464     205      667
................................................................

WIND (MPH)
AVERAGE WIND SPEED              5.4
HIGHEST WIND SPEED/DIRECTION    29/080    DATE  08/09
HIGHEST GUST SPEED/DIRECTION    42/080    DATE  08/09

SKY COVER
POSSIBLE SUNSHINE (PERCENT)   MM
AVERAGE SKY COVER           0.24
NUMBER OF DAYS FAIR           25
NUMBER OF DAYS PC              6
NUMBER OF DAYS CLOUDY          0

AVERAGE RH (PERCENT)     56

WEATHER CONDITIONS. NUMBER OF DAYS WITH
THUNDERSTORM             16     MIXED PRECIP               0
HEAVY RAIN                4     RAIN                       4
LIGHT RAIN               13     FREEZING RAIN              0
LT FREEZING RAIN          0     HAIL                       0
HEAVY SNOW                0     SNOW                       0
LIGHT SNOW                0     SLEET                      0
FOG                       4     FOG W/VIS <= 1/4 MILE      0
HAZE                      2

-  INDICATES NEGATIVE NUMBERS.
R  INDICATES RECORD WAS SET OR TIED.
MM INDICATES DATA IS MISSING.
T  INDICATES TRACE AMOUNT.

$$
