000
CXUS53 KPAH 011340
CLMCGI

CLIMATE REPORT
NATIONAL WEATHER SERVICE PADUCAH KY
840 AM CDT SAT OCT 01 2022

...................................

...THE CAPE GIRARDEAU MO CLIMATE SUMMARY FOR THE MONTH OF SEPTEMBER 2022...

CLIMATE NORMAL PERIOD 1991 TO 2020
CLIMATE RECORD PERIOD 1960 TO 2022

WEATHER         OBSERVED          NORMAL  DEPART   LAST YEAR`S
                VALUE   DATE(S)   VALUE   FROM     VALUE
                                          NORMAL
..............................................................
TEMPERATURE (F)
RECORD
 HIGH            100   09/06/1960
 LOW              33   09/30/1999
HIGHEST          100R  09/20                          91
                       09/21
LOWEST            36   09/30                          42
AVG. MAXIMUM    84.5               81.8     2.7     84.1
AVG. MINIMUM    55.1               57.7    -2.6     58.8
MEAN            69.8               69.7     0.1     71.5
DAYS MAX >= 90     5                4.7     0.3        3
DAYS MAX <= 32     0                0.0     0.0        0
DAYS MIN <= 32     0                0.0     0.0        0
DAYS MIN <= 0      0                0.0     0.0        0

PRECIPITATION (INCHES)
RECORD
 MAXIMUM       10.23   1993
 MINIMUM           T   2004
TOTALS          0.63               3.61   -2.98     1.33
DAILY AVG.      0.02               0.12   -0.10     0.04
DAYS >= .01        2                7.6    -5.6       10
DAYS >= .10        1                5.0    -4.0        4
DAYS >= .50        1                2.4    -1.4        0
DAYS >= 1.00       0                1.1    -1.1        0
GREATEST
 24 HR. TOTAL   0.58   09/03 TO 09/03

DEGREE DAYS
HEATING TOTAL     40                 37       3       16
 SINCE 7/1        40                 37       3       MM
COOLING TOTAL    193                179      14      216
 SINCE 1/1      1672               1524     148       MM
..............................................................

WIND (MPH)
AVERAGE WIND SPEED              4.8
HIGHEST WIND SPEED/DIRECTION    22/330    DATE  09/25
HIGHEST GUST SPEED/DIRECTION    32/300    DATE  09/26

SKY COVER
POSSIBLE SUNSHINE (PERCENT)   MM
AVERAGE SKY COVER           0.22
NUMBER OF DAYS FAIR           24
NUMBER OF DAYS PC              4
NUMBER OF DAYS CLOUDY          2

AVERAGE RH (PERCENT)     71

WEATHER CONDITIONS. NUMBER OF DAYS WITH
THUNDERSTORM              2     MIXED PRECIP               0
HEAVY RAIN                1     RAIN                       1
LIGHT RAIN                4     FREEZING RAIN              0
LT FREEZING RAIN          0     HAIL                       0
HEAVY SNOW                0     SNOW                       0
LIGHT SNOW                0     SLEET                      0
FOG                      19     FOG W/VIS <= 1/4 MILE      8
HAZE                      4

-  INDICATES NEGATIVE NUMBERS.
R  INDICATES RECORD WAS SET OR TIED.
MM INDICATES DATA IS MISSING.
T  INDICATES TRACE AMOUNT.

[REMARKS:] 4TH DRIEST SEPTEMBER AT CAPE GIRARDEAU.

$$
