000
CXUS54 KMRX 011930
CLMCHA

CLIMATE REPORT
NATIONAL WEATHER SERVICE MORRISTOWN, TN
330 PM EDT SAT OCT 01 2022

...................................

...THE CHATTANOOGA AIRPORT CLIMATE SUMMARY FOR THE MONTH OF SEPTEMBER 2022...

CLIMATE NORMAL PERIOD: 1991 TO 2020
CLIMATE RECORD PERIOD: 1879 TO 2022

WEATHER         OBSERVED          NORMAL  DEPART
                VALUE   DATE(S)   VALUE   FROM
                                          NORMAL
................................................
TEMPERATURE (F)
HIGHEST           94   09/21
LOWEST            46   09/28
AVG. MAXIMUM    83.4               84.3    -0.9
AVG. MINIMUM    62.7               63.6    -0.9
MEAN            73.1               73.9    -0.8
DAYS MAX >= 90     3
DAYS MAX <= 32     0
DAYS MIN <= 32     0
DAYS MIN <= 0      0

PRECIPITATION (INCHES)
RECORD
 MAXIMUM       14.18   1977
 MINIMUM        0.04   1919
TOTALS          3.08               4.23   -1.15
DAYS >= .01        8
DAYS >= .10        6
DAYS >= .50        3
DAYS >= 1.00       1
GREATEST
 24 HR. TOTAL   1.01   09/04 TO 09/04

SNOWFALL (INCHES)
TOTALS           0.0                0.0     0.0
SINCE 7/1        0.0
SNOWDEPTH AVG.     0
DAYS >= TRACE      0
GREATEST
 SNOW DEPTH        0

DEGREE DAYS
HEATING TOTAL     10                  7       3
 SINCE 7/1        10                  5       5
COOLING TOTAL    260                276     -16
 SINCE 1/1      2063               1849     214
................................................


WEATHER CONDITIONS. NUMBER OF DAYS WITH
THUNDERSTORM              4     RAIN                       4
SNOW                      0     FOG                       12
FOG W/VIS <= 1/4 MILE     0

-  INDICATES NEGATIVE NUMBERS.
R  INDICATES RECORD WAS SET OR TIED.
MM INDICATES DATA IS MISSING.
T  INDICATES TRACE AMOUNT.

$$
