000
CXUS53 KDVN 010952
CLMCID

CLIMATE REPORT
NATIONAL WEATHER SERVICE QUAD CITIES IA IL
452 AM CDT THU SEP 01 2022

...................................

...THE CEDAR RAPIDS IA CLIMATE SUMMARY FOR THE MONTH OF AUGUST 2022...

CLIMATE NORMAL PERIOD 1991 TO 2020
CLIMATE RECORD PERIOD 1891 TO 2022

WEATHER         OBSERVED          NORMAL  DEPART   LAST YEAR`S
                VALUE   DATE(S)   VALUE   FROM     VALUE
                                          NORMAL
..............................................................
TEMPERATURE (F)
RECORD
 HIGH            108   08/18/1936
                       08/03/1930
 LOW              37   08/30/1915
HIGHEST           92   08/06         83       9
LOWEST            54   08/18         58      -4
                       08/31
AVG. MAXIMUM    82.0               81.2     0.8
AVG. MINIMUM    62.0               60.4     1.6
MEAN            72.0               70.8     1.2
DAYS MAX >= 90     1
DAYS MAX <= 32     0
DAYS MIN <= 32     0
DAYS MIN <= 0      0

PRECIPITATION (INCHES)
TOTALS          2.33               4.07   -1.74
DAILY AVG.      0.08               0.13   -0.05
DAYS >= .01       10
DAYS >= .10        6
DAYS >= .50        1
DAYS >= 1.00       0
GREATEST
 24 HR. TOTAL   1.61   07/31 TO 08/01


DEGREE DAYS
HEATING TOTAL      0                 13     -13
 SINCE 7/1         0                 13     -13
COOLING TOTAL    226                193      33
 SINCE 1/1       788                669     119
..............................................................

WIND (MPH)
AVERAGE WIND SPEED              7.0
HIGHEST WIND SPEED/DIRECTION    37/240    DATE  08/03
HIGHEST GUST SPEED/DIRECTION    53/240    DATE  08/03

SKY COVER
POSSIBLE SUNSHINE (PERCENT)   MM
AVERAGE SKY COVER           0.30
NUMBER OF DAYS FAIR           19
NUMBER OF DAYS PC             10
NUMBER OF DAYS CLOUDY          2

AVERAGE RH (PERCENT)     76

WEATHER CONDITIONS. NUMBER OF DAYS WITH
THUNDERSTORM              9     HAIL                       0
SLEET                     0     FOG                       20
FOG W/VIS <= 1/4 MILE     0     HAZE                       5

-  INDICATES NEGATIVE NUMBERS.
R  INDICATES RECORD WAS SET OR TIED.
MM INDICATES DATA IS MISSING.
T  INDICATES TRACE AMOUNT.

$$
