000
CXUS51 KRLX 020556
CLMCKB

CLIMATE REPORT
NATIONAL WEATHER SERVICE CHARLESTON WV
156 AM EDT SUN OCT 02 2022

...................................

...THE CLARKSBURG WV CLIMATE SUMMARY FOR THE MONTH OF SEPTEMBER 2022...

CLIMATE NORMAL PERIOD: 1991 TO 2020
CLIMATE RECORD PERIOD: 1922 TO 2022

WEATHER         OBSERVED          NORMAL  DEPART   LAST YEAR`S
                VALUE   DATE(S)   VALUE   FROM     VALUE
                                          NORMAL
..............................................................
TEMPERATURE (F)
RECORD
 HIGH            102   09/03/1953
                       09/04/1953
 LOW              29   09/29/1942
HIGHEST           88   09/02                          86
                       09/03
LOWEST            41   09/28                          43
AVG. MAXIMUM    77.0               78.9    -1.9     77.6
AVG. MINIMUM    57.4               55.4     2.0     56.1
MEAN            67.2               67.2     0.0     66.8
DAYS MAX >= 90     0                1.9    -1.9        0
DAYS MAX <= 32     0                0.0     0.0        0
DAYS MAX >= 80    13                                  13
DAYS MIN <= 32     0                0.0     0.0        0
DAYS MIN <= 0      0                0.0     0.0        0
DAYS MIN <= 10     0                                   0
DAYS MIN <= -5     0                                   0

PRECIPITATION (INCHES)
RECORD
 MAXIMUM       12.69   1945
 MINIMUM        0.56   2019
TOTALS          2.67               3.51   -0.84     2.84
DAILY AVG.      0.09               0.12   -0.03     0.09
DAYS >= .01       13               13.3    -0.3       10
DAYS >= .10        6                6.0     0.0        5
DAYS >= .50        1                2.3    -1.3        2
DAYS >= 1.00       0                1.0    -1.0        1
GREATEST
 24 HR. TOTAL   0.87   09/04 TO 09/05               1.78


DEGREE DAYS
HEATING TOTAL     61                 59       2       49
 SINCE 7/1        61                 60       1       MM
COOLING TOTAL    134                123      11      112
 SINCE 1/1      1118               1007     111       MM

FREEZE DATES
RECORD
 EARLIEST     MM
 LATEST       MM
EARLIEST                        MM
LATEST                          04/29
..............................................................

WIND (MPH)
AVERAGE WIND SPEED              3.6
HIGHEST WIND SPEED/DIRECTION    23/330    DATE  09/22
                                23/260          09/26
                                23/280          09/27
HIGHEST GUST SPEED/DIRECTION    33/320    DATE  09/22

SKY COVER
POSSIBLE SUNSHINE (PERCENT)   MM
AVERAGE SKY COVER           0.44
NUMBER OF DAYS FAIR           11
NUMBER OF DAYS PC             16
NUMBER OF DAYS CLOUDY          3

AVERAGE RH (PERCENT)     70

WEATHER CONDITIONS. NUMBER OF DAYS WITH
THUNDERSTORM              4     MIXED PRECIP               0
HEAVY RAIN                5     RAIN                       7
LIGHT RAIN               16     FREEZING RAIN              0
LT FREEZING RAIN          0     HAIL                       0
HEAVY SNOW                0     SNOW                       0
LIGHT SNOW                0     SLEET                      0
FOG                      24     FOG W/VIS <= 1/4 MILE      9
HAZE                     13

-  INDICATES NEGATIVE NUMBERS.
R  INDICATES RECORD WAS SET OR TIED.
MM INDICATES DATA IS MISSING.
T  INDICATES TRACE AMOUNT.

$$
