000
CXUS51 KCLE 021834
CLMCLE

CLIMATE REPORT
NATIONAL WEATHER SERVICE CLEVELAND, OH
234 PM EDT FRI SEP 02 2022

...................................

...THE CLEVELAND OH CLIMATE SUMMARY FOR THE MONTH OF AUGUST 2022...

CLIMATE NORMAL PERIOD 1991 TO 2020
CLIMATE RECORD PERIOD 1871 TO 2022

WEATHER         OBSERVED          NORMAL  DEPART   LAST YEAR`S
                VALUE   DATE(S)   VALUE   FROM     VALUE
                                          NORMAL
..............................................................
TEMPERATURE (F)
RECORD
 HIGH            102   08/27/1948
 LOW              38   08/29/1982
HIGHEST           91   08/03
LOWEST            53   08/13
AVG. MAXIMUM    81.8               82.0    -0.2     83.6
AVG. MINIMUM    64.2               63.9     0.3     65.9
MEAN            73.0               73.0     0.0     74.8
DAYS MAX >= 90     2                3.1    -1.1        2
DAYS MAX <= 32     0                0.0     0.0        0
DAYS MIN <= 32     0                0.0     0.0        0
DAYS MIN <= 0      0                0.0     0.0        0

PRECIPITATION (INCHES)
RECORD
 MAXIMUM        9.03   2007
 MINIMUM        0.17   1881
TOTALS          5.63               3.56    2.07     7.15
DAYS >= .01       11               10.3     0.7       13
DAYS >= .10        6                6.2    -0.2        9
DAYS >= .50        4                1.8     2.2        6
DAYS >= 1.00       2                0.9     1.1        3
GREATEST
 24 HR. TOTAL   1.86   08/29 TO 08/30               1.76

SNOWFALL (INCHES)
RECORDS
 TOTAL             T   2008
TOTALS           0.0                0.0     0.0      0.0
SINCE 7/1        0.0                0.0     0.0      0.0
DAYS >= 1.0        0                0.0     0.0        0
GREATEST
 24 HR TOTAL     0.0

DEGREE DAYS
HEATING TOTAL      0                  4      -4        0
 SINCE 7/1         0                  2      -2        0
COOLING TOTAL    254                251       3      312
 SINCE 1/1       883                818      65      885
..............................................................

WIND (MPH)
AVERAGE WIND SPEED              7.1
HIGHEST WIND SPEED/DIRECTION    36/270    DATE  08/08
HIGHEST GUST SPEED/DIRECTION    46/260    DATE  08/08

SKY COVER
AVERAGE SKY COVER           0.55

AVERAGE RH (PERCENT)     71

WEATHER CONDITIONS. NUMBER OF DAYS WITH
THUNDERSTORM              9     MIXED PRECIP               0
HEAVY RAIN                4     RAIN                       5
LIGHT RAIN               12     FREEZING RAIN              0
LT FREEZING RAIN          0     HAIL                       0
HEAVY SNOW                0     SNOW                       0
LIGHT SNOW                0     SLEET                      0
FOG                      12     FOG W/VIS <= 1/4 MILE      1
HAZE                      4

-  INDICATES NEGATIVE NUMBERS.
R  INDICATES RECORD WAS SET OR TIED.
MM INDICATES DATA IS MISSING.
T  INDICATES TRACE AMOUNT.

$$
