000
CXUS54 KHGX 011336
CLMCLL

CLIMATE REPORT
NATIONAL WEATHER SERVICE HOUSTON/GALVESTON TX
836 AM CDT THU SEP 01 2022

...................................

...THE COLLEGE STATION CLIMATE SUMMARY FOR THE MONTH OF AUGUST 2022...

CLIMATE NORMAL PERIOD: 1991 TO 2020
CLIMATE RECORD PERIOD: 1902 TO 2022

WEATHER         OBSERVED          NORMAL  DEPART   LAST YEAR`S
                VALUE   DATE(S)   VALUE   FROM     VALUE DATE(S)
                                          NORMAL
................................................................
TEMPERATURE (F)
RECORD
 HIGH            109   08/28/2011
                       08/27/2011
                       08/31/2000
 LOW              58   08/21/1940
HIGHEST          105   08/03         MM      MM       98  08/26
                                                          08/31
LOWEST            74   08/25         MM      MM       74  08/17
                                                          08/22
                                                          08/23
AVG. MAXIMUM    98.5               96.6     1.9     94.5
AVG. MINIMUM    76.8               74.7     2.1     76.3
MEAN            87.6               85.7     1.9     85.4
DAYS MAX >= 90    30               28.7     1.3       29
DAYS MAX <= 32     0                0.0     0.0        0
DAYS MIN <= 32     0                0.0     0.0        0
DAYS MIN <= 0      0                0.0     0.0        0

PRECIPITATION (INCHES)
RECORD
 MAXIMUM       21.02   2017
TOTALS          4.54               3.10    1.44     2.19
DAILY AVG.      0.15               0.10    0.05     0.07
DAYS >= .01       14                6.3     7.7        5
DAYS >= .10        8                3.9     4.1        2
DAYS >= .50        3                1.7     1.3        2
DAYS >= 1.00       1                0.9     0.1        1
GREATEST
 24 HR. TOTAL   1.72   08/30 TO 08/30               1.43  08/15 TO 08/15

SNOWFALL (INCHES)
RECORDS
 TOTAL            MM   MM
TOTALS           0.0
SINCE 7/1        0.0
 LIQUID 7/1     0.00
DAYS >= TRACE      0
GREATEST
 24 HR TOTAL      MM

DEGREE DAYS
HEATING TOTAL      0                  0       0        0
 SINCE 7/1         0                  0       0       MM
COOLING TOTAL    708                640      68      640
 SINCE 1/1      3047               2402     645       MM
................................................................

WIND (MPH)
AVERAGE WIND SPEED              7.6
HIGHEST WIND SPEED/DIRECTION    37/350    DATE  08/10
HIGHEST GUST SPEED/DIRECTION    52/210    DATE  08/18

SKY COVER
AVERAGE SKY COVER           0.28

AVERAGE RH (PERCENT)     65

WEATHER CONDITIONS. NUMBER OF DAYS WITH
THUNDERSTORM             13     MIXED PRECIP               0
HEAVY RAIN                8     RAIN                       7
LIGHT RAIN               17     FREEZING RAIN              0
LT FREEZING RAIN          0     HAIL                       0
HEAVY SNOW                0     SNOW                       0
LIGHT SNOW                0     SLEET                      0
FOG                       6     FOG W/VIS <= 1/4 MILE      0
HAZE                      1

-  INDICATES NEGATIVE NUMBERS.
R  INDICATES RECORD WAS SET OR TIED.
MM INDICATES DATA IS MISSING.
T  INDICATES TRACE AMOUNT.

$$
