000
CXUS52 KGSP 011359
CLMCLT

CLIMATE REPORT
NATIONAL WEATHER SERVICE GREENVILLE-SPARTANBURG SC
959 AM EDT THU SEP 01 2022

...................................

...THE CHARLOTTE NC CLIMATE SUMMARY FOR THE MONTH OF AUGUST 2022...

CLIMATE NORMAL PERIOD 1991 TO 2020
CLIMATE RECORD PERIOD 1878 TO 2022

WEATHER         OBSERVED          NORMAL  DEPART   LAST YEAR`S
                VALUE   DATE(S)   VALUE   FROM     VALUE DATE(S)
                                          NORMAL
................................................................
TEMPERATURE (F)
RECORD
 HIGH            104   08/10/2007
                       08/09/2007
 LOW              50   08/07/2004
HIGHEST           94   08/03         MM      MM       96  08/13
                       08/27
                                                          08/14
LOWEST            62   08/13         MM      MM       62  08/06
                       08/14
AVG. MAXIMUM    88.2               88.6    -0.4     90.9
AVG. MINIMUM    69.0               68.7     0.3     69.9
MEAN            78.6               78.6    -0.0     80.4
DAYS MAX >= 90    15               13.5     1.5       21
DAYS MAX <= 32     0                0.0     0.0        0
DAYS MIN <= 32     0                0.0     0.0        0
DAYS MIN <= 0      0                0.0     0.0        0

PRECIPITATION (INCHES)
RECORD
 MAXIMUM       14.61   1908
 MINIMUM        0.41   2007
TOTALS          2.61               4.35   -1.74     3.02
DAILY AVG.      0.08               0.14   -0.06     0.10
DAYS >= .01        9               10.1    -1.1       13
DAYS >= .10        6                6.3    -0.3        9
DAYS >= .50        2                2.8    -0.8        1
DAYS >= 1.00       1                1.2    -0.2        1
GREATEST
 24 HR. TOTAL   1.19                                1.38  08/13 TO 08/14
 STORM TOTAL    1.19                                1.21
 (MM/DD(HH))            MM

SNOWFALL (INCHES)
RECORDS
 TOTAL            MM   MM
 24 HR TOTAL      MM
 SNOW DEPTH       MM   MM
TOTALS           0.0                0.0     0.0      0.0
 LIQUID EQUIV   0.00               0.00    0.00     0.00
SINCE 7/1        0.0                0.0     0.0       MM
 LIQUID 7/1     0.00               0.00    0.00       MM
SNOWDEPTH AVG.     0                                   0
DAYS >= TRACE      0                0.0     0.0        0
DAYS >= 1.0        0                0.0     0.0        0
GREATEST
 SNOW DEPTH        0                                   0  MM
 24 HR TOTAL      MM                                  MM
 STORM TOTAL     0.0                                 0.0
 (MM/DD(HH))            MM

DEGREE DAYS
HEATING TOTAL      0                  0       0        0
 SINCE 7/1         0                  0       0       MM
COOLING TOTAL    428                423       5      484
 SINCE 1/1      1714               1463     251       MM

FREEZE DATES
RECORD
 EARLIEST     MM
 LATEST       MM
EARLIEST                        MM
LATEST                          04/10
................................................................

WIND (MPH)
AVERAGE WIND SPEED              5.0
HIGHEST WIND SPEED/DIRECTION    51/320    DATE  08/12
HIGHEST GUST SPEED/DIRECTION    61/310    DATE  08/12

SKY COVER
POSSIBLE SUNSHINE (PERCENT)   MM
AVERAGE SKY COVER           0.61
NUMBER OF DAYS FAIR            2
NUMBER OF DAYS PC             22
NUMBER OF DAYS CLOUDY          7

AVERAGE RH (PERCENT)     73

WEATHER CONDITIONS. NUMBER OF DAYS WITH
THUNDERSTORM             13     MIXED PRECIP               0
HEAVY RAIN                4     RAIN                       5
LIGHT RAIN               13     FREEZING RAIN              0
LT FREEZING RAIN          0     HAIL                       0
HEAVY SNOW                0     SNOW                       0
LIGHT SNOW                0     SLEET                      0
FOG                      11     FOG W/VIS <= 1/4 MILE      2
HAZE                      0

-  INDICATES NEGATIVE NUMBERS.
R  INDICATES RECORD WAS SET OR TIED.
MM INDICATES DATA IS MISSING.
T  INDICATES TRACE AMOUNT.

$$
