000
CXUS51 KILN 011942
CLMCMH

CLIMATE REPORT
NATIONAL WEATHER SERVICE WILMINGTON OH
342 PM EDT SAT OCT 01 2022

...................................

...THE COLUMBUS OH CLIMATE SUMMARY FOR THE MONTH OF SEPTEMBER 2022...

CLIMATE NORMAL PERIOD: 1991 TO 2020
CLIMATE RECORD PERIOD: 1869 TO 2022

WEATHER         OBSERVED          NORMAL  DEPART   LAST YEAR`S
                VALUE   DATE(S)   VALUE   FROM     VALUE DATE(S)
                                          NORMAL
................................................................
TEMPERATURE (F)
RECORD
 HIGH            100   09/02/1953
 LOW              31   09/30/1963
                       09/21/1962
HIGHEST           87   09/01         77      10       90  09/18
                       09/21
LOWEST            43   09/30         55     -12       46  09/26
AVG. MAXIMUM    76.5               77.8    -1.3     79.4
AVG. MINIMUM    58.0               56.5     1.5     58.3
MEAN            67.3               67.2     0.1     68.9
DAYS MAX >= 90     0                2.3    -2.3        1
DAYS MAX <= 32     0                0.0     0.0        0
DAYS MIN <= 32     0                0.0     0.0        0
DAYS MIN <= 0      0                0.0     0.0        0

PRECIPITATION (INCHES)
TOTALS          3.14               3.14   -0.00     1.98
DAILY AVG.      0.10               0.10   -0.00     0.07
DAYS >= .01        9                8.7     0.3       10
DAYS >= .10        6                5.5     0.5        5
DAYS >= .50        4                2.2     1.8        1
DAYS >= 1.00       0                0.9    -0.9        0
GREATEST
 24 HR. TOTAL   0.81   09/05 TO 09/05

SNOWFALL (INCHES)
TOTALS           0.0                0.0     0.0      0.0
SINCE 7/1        0.0                0.0     0.0      0.0
DAYS >= TRACE      0                0.0       0        0
DAYS >= 1.0        0                0.0       0        0
GREATEST
 24 HR TOTAL     0.0

DEGREE DAYS
HEATING TOTAL     65                 61       4       31
 SINCE 7/1        65                 63       2       31
COOLING TOTAL    143                125      18      154
 SINCE 1/1      1160               1051     109     1242
................................................................

WIND (MPH)
AVERAGE WIND SPEED              6.1
RESULTANT WIND SPEED/DIRECTION   1/300
HIGHEST WIND SPEED/DIRECTION    28/310    DATE  09/27
HIGHEST GUST SPEED/DIRECTION    38/280    DATE  09/27

SKY COVER
AVERAGE SKY COVER           0.57

AVERAGE RH (PERCENT)     74

WEATHER CONDITIONS. NUMBER OF DAYS WITH
THUNDERSTORM              6     MIXED PRECIP               0
HEAVY RAIN                4     RAIN                       5
LIGHT RAIN               12     FREEZING RAIN              0
LT FREEZING RAIN          0     HAIL                       0
HEAVY SNOW                0     SNOW                       0
LIGHT SNOW                0     SLEET                      0
FOG                      13     FOG W/VIS <= 1/4 MILE      0
HAZE                      3

-  INDICATES NEGATIVE NUMBERS.
R  INDICATES RECORD WAS SET OR TIED.
MM INDICATES DATA IS MISSING.
T  INDICATES TRACE AMOUNT.

$$
