000
CXUS53 KILX 011508
CLMCMI

CLIMATE REPORT
NATIONAL WEATHER SERVICE LINCOLN IL
1008 AM CDT THU SEP 01 2022

...................................

...THE CHAMPAIGN IL AIRPORT CLIMATE SUMMARY FOR THE MONTH OF AUGUST 2022...

CLIMATE NORMAL PERIOD 1991 TO 2020
CLIMATE RECORD PERIOD 9999 TO 9999

WEATHER         OBSERVED          NORMAL  DEPART   LAST YEAR`S
                VALUE   DATE(S)   VALUE   FROM     VALUE
                                          NORMAL
..............................................................
TEMPERATURE (F)
RECORD
 HIGH             MM   MM
 LOW              MM   MM
HIGHEST           90   08/03         MM      MM       92
                       08/06
                       08/07
LOWEST            54   08/31         MM      MM       54
AVG. MAXIMUM    83.5               83.5    -0.0     85.3
AVG. MINIMUM    62.8               62.1     0.7     65.3
MEAN            73.1               72.8     0.3     75.3
DAYS MAX >= 90     3                3.7    -0.7        3
DAYS MAX <= 32     0                0.0     0.0        0
DAYS MIN <= 32     0                0.0     0.0        0
DAYS MIN <= 0      0                0.0     0.0        0

PRECIPITATION (INCHES)
RECORD
 MAXIMUM          MM   MM
 MINIMUM          MM   MM
TOTALS          4.11               3.12    0.99     3.53
DAILY AVG.      0.13               0.10    0.03     0.11
DAYS >= .01        9               10.3    -1.3        6
DAYS >= .10        8                5.1     2.9        4
DAYS >= .50        5                1.7     3.3        2
DAYS >= 1.00       0                0.7    -0.7        2
GREATEST
 24 HR. TOTAL   0.95   08/03 TO 08/04               1.54


DEGREE DAYS
HEATING TOTAL      0                  5      -5        0
 SINCE 7/1         0                  2      -2       MM
COOLING TOTAL    260                247      13      325
 SINCE 1/1      1054                903     151       MM
..............................................................

WIND (MPH)
AVERAGE WIND SPEED              6.6
HIGHEST WIND SPEED/DIRECTION    38/280    DATE  08/01
HIGHEST GUST SPEED/DIRECTION    55/290    DATE  08/01

AVERAGE RH (PERCENT)     78

WEATHER CONDITIONS. NUMBER OF DAYS WITH
THUNDERSTORM             10     MIXED PRECIP               0
HEAVY RAIN                7     RAIN                       6
LIGHT RAIN               14     FREEZING RAIN              0
LT FREEZING RAIN          0     HAIL                       0
HEAVY SNOW                0     SNOW                       0
LIGHT SNOW                0     SLEET                      0
FOG                      21     FOG W/VIS <= 1/4 MILE      5
HAZE                      6

-  INDICATES NEGATIVE NUMBERS.
R  INDICATES RECORD WAS SET OR TIED.
MM INDICATES DATA IS MISSING.
T  INDICATES TRACE AMOUNT.

$$

ERWIN
