000
CXUS53 KTOP 011412
CLMCNK

CLIMATE REPORT
NATIONAL WEATHER SERVICE TOPEKA KS
912 AM CDT SAT OCT 01 2022

...................................

...THE CONCORDIA KS CLIMATE SUMMARY FOR THE MONTH OF SEPTEMBER 2022...

CLIMATE NORMAL PERIOD 1991 TO 2020
CLIMATE RECORD PERIOD 1885 TO 2022

WEATHER         OBSERVED          NORMAL  DEPART   LAST YEAR`S
                VALUE   DATE(S)   VALUE   FROM     VALUE
                                          NORMAL
..............................................................
TEMPERATURE (F)
RECORD
 HIGH            112   09/03/1947
 LOW              29   09/22/1995
                       09/29/1984
                       09/30/1895
HIGHEST          102   09/20         85      17       99
LOWEST            45   09/29         51      -6       45
AVG. MAXIMUM    87.5               80.4     7.1     85.8
AVG. MINIMUM    59.1               56.5     2.6     60.5
MEAN            73.3               68.5     4.8     73.2
DAYS MAX >= 90    17                6.0    11.0       11
DAYS MAX <= 32     0                0.0     0.0        0
DAYS MIN <= 32     0                0.0     0.0        0
DAYS MIN <= 0      0                0.0     0.0        0

PRECIPITATION (INCHES)
RECORD
 MAXIMUM        8.94   1946
 MINIMUM        0.08   1956
TOTALS          1.96               2.80   -0.84     1.26
DAILY AVG.      0.07               0.09   -0.02     0.04
DAYS >= .01        7                7.0     0.0        8
DAYS >= .10        4                4.5    -0.5        3
DAYS >= .50        2                1.6     0.4        1
DAYS >= 1.00       0                0.9    -0.9        0
GREATEST
 24 HR. TOTAL   0.72   09/17 TO 09/17               0.75

SNOWFALL (INCHES)
RECORDS
 TOTAL             T   1985
TOTALS            MM                0.0      MM       MM
SINCE 7/1         MM                0.0      MM       MM
SNOWDEPTH AVG.    MM                                   0
DAYS >= 1.0       MM                0.0      MM       MM
GREATEST
 SNOW DEPTH       MM                                  MM
 24 HR TOTAL      MM                                 0.0

DEGREE DAYS
HEATING TOTAL     22                 64     -42        6
 SINCE 7/1        22                 66     -44       MM
COOLING TOTAL    280                167     113      257
 SINCE 1/1      1815               1346     469       MM
..............................................................

WIND (MPH)
AVERAGE WIND SPEED              9.4
HIGHEST WIND SPEED/DIRECTION    33/300    DATE  09/20
HIGHEST GUST SPEED/DIRECTION    47/290    DATE  09/20

SKY COVER
POSSIBLE SUNSHINE (PERCENT)   MM
AVERAGE SKY COVER           0.12
NUMBER OF DAYS FAIR           26
NUMBER OF DAYS PC              3
NUMBER OF DAYS CLOUDY          1

AVERAGE RH (PERCENT)     56

WEATHER CONDITIONS. NUMBER OF DAYS WITH
THUNDERSTORM              5     MIXED PRECIP               0
HEAVY RAIN                4     RAIN                       4
LIGHT RAIN                9     FREEZING RAIN              0
LT FREEZING RAIN          0     HAIL                       0
HEAVY SNOW                0     SNOW                       0
LIGHT SNOW                0     SLEET                      0
FOG                       8     FOG W/VIS <= 1/4 MILE      1
HAZE                     10

-  INDICATES NEGATIVE NUMBERS.
R  INDICATES RECORD WAS SET OR TIED.
MM INDICATES DATA IS MISSING.
T  INDICATES TRACE AMOUNT.

$$
