000
CXUS53 KICT 010701
CLMCNU

CLIMATE REPORT
NATIONAL WEATHER SERVICE WICHITA KANSAS
201 AM CDT SAT OCT 01 2022

...................................

...THE CHANUTE KS CLIMATE SUMMARY FOR THE MONTH OF SEPTEMBER 2022...

CLIMATE NORMAL PERIOD 1991 TO 2020
CLIMATE RECORD PERIOD 1894 TO 2022

WEATHER         OBSERVED          NORMAL  DEPART   LAST YEAR`S
                VALUE   DATE(S)   VALUE   FROM     VALUE DATE(S)
                                          NORMAL
................................................................
TEMPERATURE (F)
RECORD
 HIGH            107   09/02/2000
 LOW              30   09/30/1984
HIGHEST          103   09/21                          95  09/07
                                                          09/20
                                                          09/26
LOWEST            47   09/12                          43  09/23
                       09/30
AVG. MAXIMUM    89.6               83.0     6.6     88.5
AVG. MINIMUM    59.6               59.2     0.4     63.2
MEAN            74.6               71.1     3.5     75.9
DAYS MAX >= 90    18                5.5    12.5       16
DAYS MAX <= 32     0                0.0     0.0        0
DAYS MIN <= 32     0                0.0     0.0        0
DAYS MIN <= 0      0                0.0     0.0        0

PRECIPITATION (INCHES)
RECORD
 MAXIMUM       14.35   1900
 MINIMUM        0.03   1979
TOTALS          0.41               4.10   -3.69     4.12
DAILY AVG.      0.01               0.14   -0.13     0.14
DAYS >= .01        2                8.0    -6.0        6
DAYS >= .10        1                5.0    -4.0        3
DAYS >= .50        0                2.5    -2.5        3
DAYS >= 1.00       0                1.4    -1.4        2
GREATEST
 24 HR. TOTAL   0.34   09/22 TO 09/22


DEGREE DAYS
HEATING TOTAL      4                 33     -29        4
 SINCE 7/1         4                 33     -29       MM
COOLING TOTAL    299                216      83      334
................................................................

WIND (MPH)
AVERAGE WIND SPEED              8.4
HIGHEST WIND SPEED/DIRECTION    25/200    DATE  09/17
                                25/200          09/18
HIGHEST GUST SPEED/DIRECTION    37/220    DATE  09/17

SKY COVER
POSSIBLE SUNSHINE (PERCENT)   MM
AVERAGE SKY COVER           0.14
NUMBER OF DAYS FAIR           21
NUMBER OF DAYS PC              2
NUMBER OF DAYS CLOUDY          1

AVERAGE RH (PERCENT)     58

WEATHER CONDITIONS. NUMBER OF DAYS WITH
THUNDERSTORM              0     MIXED PRECIP               0
HEAVY RAIN                0     RAIN                       1
LIGHT RAIN                3     FREEZING RAIN              0
LT FREEZING RAIN          0     HAIL                       0
HEAVY SNOW                0     SNOW                       0
LIGHT SNOW                0     SLEET                      0
FOG                       7     FOG W/VIS <= 1/4 MILE      2
HAZE                      3

-  INDICATES NEGATIVE NUMBERS.
R  INDICATES RECORD WAS SET OR TIED.
MM INDICATES DATA IS MISSING.
T  INDICATES TRACE AMOUNT.

$$
