000
CXUS51 KGYX 022203
CLMCON

PWMCLMCON 000
TTAA00 GYX 021511

CLIMATE REPORT
NATIONAL WEATHER SERVICE GRAY ME
1110 AM EDT FRI SEP 02 2022

...................................

...THE CONCORD NH CLIMATE SUMMARY FOR THE MONTH OF AUGUST 2022...

CLIMATE NORMAL PERIOD: 1991 TO 2020
CLIMATE RECORD PERIOD: 1868 TO 2022

WEATHER         OBSERVED          NORMAL  DEPART   LAST YEAR`S
                VALUE   DATE(S)   VALUE   FROM     VALUE DATE(S)
                                          NORMAL
................................................................
TEMPERATURE (F)
RECORD
 HIGH            101   08/02/1975
 LOW              29   08/31/1965
HIGHEST           98   08/04         92       6       94  08/26
LOWEST            49   08/16         42       7       48  08/03
AVG. MAXIMUM    86.4               81.7     4.7     83.2
AVG. MINIMUM    60.6               57.2     3.4     62.0
MEAN            73.5               69.5     4.0     72.6
DAYS MAX >= 90    14                3.5    10.5        6
DAYS MAX <= 32     0                0.0     0.0        0
DAYS MIN <= 32     0                0.0     0.0        0
DAYS MIN <= 0      0                0.0     0.0        0

PRECIPITATION (INCHES)
RECORD
 MAXIMUM       10.67   2018
 MINIMUM        0.06   1996
TOTALS          3.54               3.63   -0.09     3.36
DAILY AVG.      0.11               0.12   -0.01     0.11
DAYS >= .01        7                9.9    -2.9       13
DAYS >= .10        6                6.2    -0.2        7
DAYS >= .50        3                2.3     0.7        3
DAYS >= 1.00       0                1.1    -1.1        0
GREATEST
 24 HR. TOTAL   0.96   08/22

SNOWFALL (INCHES)
RECORDS
 TOTAL           0.0
TOTALS           0.0                0.0     0.0      0.0
SINCE 7/1        0.0                0.0     0.0      0.0
SNOWDEPTH AVG.     0
DAYS >= TRACE      0                0.0     0.0        0
DAYS >= 1.0        0                0.0     0.0        0
GREATEST
 SNOW DEPTH        0
 24 HR TOTAL       0

DEGREE DAYS
HEATING TOTAL      0                 21     -21        7
 SINCE 7/1         2                 29     -27       24
COOLING TOTAL    274                159     115      250
 SINCE 1/1       617                475     142      616
................................................................

WIND (MPH)
AVERAGE WIND SPEED              4.8
HIGHEST WIND SPEED/DIRECTION    25/260    DATE  08/08
HIGHEST GUST SPEED/DIRECTION    50/360    DATE  08/22

SKY COVER
AVERAGE SKY COVER           0.34

AVERAGE RH (PERCENT)     69

WEATHER CONDITIONS. NUMBER OF DAYS WITH
THUNDERSTORM              6     HEAVY RAIN                 5
RAIN                      4     LIGHT RAIN                10
FREEZING RAIN             0     LT FREEZING RAIN           0
HEAVY SNOW                0     SNOW                       0
LIGHT SNOW                0     FOG                       13
FOG W/VIS <= 1/4 MILE     1     HAZE                       0

-  INDICATES NEGATIVE NUMBERS.
R  INDICATES RECORD WAS SET OR TIED.
MM INDICATES DATA IS MISSING.
T  INDICATES TRACE AMOUNT.

&&

AUGUST WAS MUCH WARMER THAN NORMAL IN THE CONCORD AREA WITH NEAR
NORMAL PRECIPITATION. EARLY IN THE MONTH A BROAD RIDGE STARTED TO
DEVELOP IN THE MID LEVELS OF THE ATMOSPHERE ACROSS THE CENTRAL PART
OF THE CONUS. BY THE END OF THE FIRST WEEK OF AUGUST, THIS RIDGE
EXPANDED AND SHIFTED EAST WITH THE CENTER OF THE RIDGE MOVING OVER
NEW ENGLAND. THIS RIDGE BROUGHT EIGHT DAYS IN A ROW WITH HIGH
TEMPERATURES AT OR ABOVE 90 DEGREES FROM THE 2ND TO THE 9TH AND WAS
THE SECOND LONGEST STREAK ON RECORD WITH HIGH TEMPERATURES AT OR
ABOVE 90 DEGREES. A COLD FRONT THEN CROSSED NEW ENGLAND THE NIGHT OF
THE AUGUST 9TH, WHICH BROUGHT MUCH COOLER AIR WITH TEMPERATURES THEN
RUNNING SLIGHTLY BELOW NORMAL THROUGH THE MIDDLE OF THE MONTH. A
RIDGE STARTED TO BUILD OVER THE WESTERN ATLANTIC DURING THE THIRD
WEEK OF THE MONTH THAT ALLOWED FOR WARMER AND MORE HUMID CONDITIONS
THAT GENERALLY PERSISTED THROUGH THE END OF THE MONTH. MUCH OF THE
RAINFALL THAT DID OCCUR DURING THE MONTH CAME FROM PASSING FRONTAL
SYSTEMS THAT BROUGHT SHOWERS AND THUNDERSTORMS.

THE AVERAGE TEMPERATURE FOR THE MONTH WAS 73.5 DEGREES, WHICH WAS 4
DEGREES ABOVE NORMAL AND TIES WITH 1972 AS THE WARMEST AUGUST ON
RECORD. THE COOLEST AUGUST ON RECORD WAS 61.1 DEGREES IN 1903. THE
FOLLOWING TABLE LISTS THE WARMEST AVERAGE AUGUST TEMPERATURES ON
RECORD.

WARMEST AVERAGE TEMPERATURE IN AUGUST (SINCE 1868)...
RANK  TEMP  YEAR
1     73.5  2022  <===
      73.5  1872
3     72.8  2018
      72.8  2016
      72.8  1937
6     72.6  2021
7     72.3  1973
      72.3  1873
9     72.1  2001
10    72.0  1939

A TOTAL OF 3.54 INCHES OF PRECIPITATION FELL, WHICH WAS 0.09 INCHES
BELOW NORMAL. THE DRIEST AUGUST ON RECORD WAS 0.06 INCHES IN 1996.
THE WETTEST 10.67 IN 2018. THE HEAVIEST PRECIPITATION FELL ON THE
22ND WHEN 0.96 INCHES WERE MEASURED.

THE FOLLOWING DAILY RECORDS WERE SET OR TIED IN AUGUST 2022...

DATE    RECORD                                  PREVIOUS
AUG 4   98      - WARMEST HIGH TEMPERATURE      97 IN 1944
AUG 8   96      - WARMEST HIGH TEMPERATURE      95 IN 2001, 1970

$$

DS
