000
CXUS55 KPUB 011640
CLMCOS

CLIMATE REPORT
NATIONAL WEATHER SERVICE
1040 AM MDT THU SEP 01 2022

...................................

...THE COLORADO SPRINGS CO CLIMATE SUMMARY FOR THE MONTH OF AUGUST 2022...

CLIMATE NORMAL PERIOD 1991 TO 2020
CLIMATE RECORD PERIOD 1872 TO 2022

WEATHER         OBSERVED          NORMAL  DEPART   LAST YEAR`S
                VALUE   DATE(S)   VALUE   FROM     VALUE DATE(S)
                                          NORMAL
................................................................
TEMPERATURE (F)
RECORD
 HIGH             99   08/03/1954
 LOW              34   08/26/1910
HIGHEST           93   08/14         84       9       96  08/06
                                                          08/09
LOWEST            52   08/21         50       2       53  08/08
                       08/24
AVG. MAXIMUM    85.1               83.6     1.5     89.2
AVG. MINIMUM    58.4               56.6     1.8     58.8
MEAN            71.7               70.1     1.6     74.0
DAYS MAX >= 90     6                5.0     1.0
DAYS MAX <= 32     0                0.0     0.0
DAYS MIN <= 32     0                0.0     0.0
DAYS MIN <= 0      0                0.0     0.0

PRECIPITATION (INCHES)
RECORD
 MAXIMUM        7.09   1929
 MINIMUM        0.12   2012
TOTALS          1.82               2.96   -1.14     0.20
DAILY AVG.      0.06               0.10   -0.04
DAYS >= .01        9               12.4    -3.4
DAYS >= .10        4                6.4    -2.4
DAYS >= .50        1                1.6    -0.6
DAYS >= 1.00       1                0.4     0.6
GREATEST
 24 HR. TOTAL   1.35   08/15 TO 08/16               0.10

SNOWFALL (INCHES)
RECORDS
 TOTAL           0.2   1952
TOTALS           0.0                0.0     0.0      0.0
SINCE 7/1        0.0                0.0     0.0       MM
SNOWDEPTH AVG.     0
DAYS >= 1.0        0                0.0     0.0
GREATEST
 SNOW DEPTH        0                                   0
 24 HR TOTAL     0.0                                 0.0

DEGREE DAYS
HEATING TOTAL      0                 14     -14        0
 SINCE 7/1         0                 16     -16       MM
COOLING TOTAL    216                172      44      287
 SINCE 1/1       729                543     186       MM
................................................................

WIND (MPH)
AVERAGE WIND SPEED              8.1
HIGHEST WIND SPEED/DIRECTION    38/150    DATE  08/04
HIGHEST GUST SPEED/DIRECTION    48/150    DATE  08/04

SKY COVER
POSSIBLE SUNSHINE (PERCENT)   MM
AVERAGE SKY COVER           0.49
NUMBER OF DAYS FAIR            8
NUMBER OF DAYS PC             19
NUMBER OF DAYS CLOUDY          4

AVERAGE RH (PERCENT)     53

WEATHER CONDITIONS. NUMBER OF DAYS WITH
THUNDERSTORM             10     MIXED PRECIP               0
HEAVY RAIN                1     RAIN                       6
LIGHT RAIN               13     FREEZING RAIN              0
LT FREEZING RAIN          0     HAIL                       0
HEAVY SNOW                0     SNOW                       0
LIGHT SNOW                0     SLEET                      0
FOG                       5     FOG W/VIS <= 1/4 MILE      0
HAZE                      0

-  INDICATES NEGATIVE NUMBERS.
R  INDICATES RECORD WAS SET OR TIED.
MM INDICATES DATA IS MISSING.
T  INDICATES TRACE AMOUNT.

$$
