000
CXUS52 KILM 011940
CLMCRE

CLIMATE REPORT
NATIONAL WEATHER SERVICE WILMINGTON NC
340 PM EDT SAT OCT 01 2022

...................................

...THE N.MYRTLE BEACH SOUTH CAROLINA CLIMATE SUMMARY FOR THE MONTH OF SEPTEMBER 2022...

CLIMATE NORMAL PERIOD 1991 TO 2020
CLIMATE RECORD PERIOD 1931 TO 2022

WEATHER         OBSERVED          NORMAL  DEPART   LAST YEAR`S
                VALUE   DATE(S)   VALUE   FROM     VALUE DATE(S)
                                          NORMAL
................................................................
TEMPERATURE (F)
RECORD
 HIGH             95   09/03/2010
 LOW              46   09/26/1950
HIGHEST           91   09/06         MM      MM       89  09/16
LOWEST            49   09/24         MM      MM       57  09/24
AVG. MAXIMUM    82.4               83.2    -0.8     83.3
AVG. MINIMUM    66.8               67.7    -0.9     67.0
MEAN            74.6               75.5    -0.9     75.1
DAYS MAX >= 90     1                1.7    -0.7        0
DAYS MAX <= 32     0                0.0     0.0        0
DAYS MIN <= 32     0                0.0     0.0        0
DAYS MIN <= 0      0                0.0     0.0        0

PRECIPITATION (INCHES)
RECORD
 MAXIMUM       23.16   1999
 MINIMUM        0.87   2012
TOTALS          5.95               6.65   -0.70     2.46
DAILY AVG.      0.20               0.22   -0.02
DAYS >= .01        8               10.9    -2.9
DAYS >= .10        6                6.0     0.0
DAYS >= .50        3                3.3    -0.3
DAYS >= 1.00       2                1.6     0.4
GREATEST
 24 HR. TOTAL   3.53   09/29 TO 09/30


DEGREE DAYS
HEATING TOTAL      5                  3       2        0
 SINCE 7/1         5                  0       5
COOLING TOTAL    302                317     -15      314
 SINCE 1/1      1951               1877      74

FREEZE DATES
RECORD
 EARLIEST     MM
 LATEST       MM
EARLIEST                        01/01
LATEST                          03/29
................................................................

WIND (MPH)
AVERAGE WIND SPEED              7.8
RESULTANT WIND SPEED/DIRECTION   2/060
HIGHEST WIND SPEED/DIRECTION    43/040    DATE  09/30
HIGHEST GUST SPEED/DIRECTION    58/160    DATE  09/30

SKY COVER
AVERAGE SKY COVER           0.23

AVERAGE RH (PERCENT)     76

WEATHER CONDITIONS. NUMBER OF DAYS WITH
THUNDERSTORM              5     MIXED PRECIP              MM
HEAVY RAIN                4     RAIN                       5
LIGHT RAIN               11     FREEZING RAIN              0
LT FREEZING RAIN          0     HAIL                      MM
HEAVY SNOW                0     SNOW                       0
LIGHT SNOW                0     SLEET                     MM
FOG                      10     FOG W/VIS <= 1/4 MILE      2
HAZE                      2

-  INDICATES NEGATIVE NUMBERS.
R  INDICATES RECORD WAS SET OR TIED.
MM INDICATES DATA IS MISSING.
T  INDICATES TRACE AMOUNT.

$$
