000
CXUS52 KJAX 011316
CLMCRG

CLIMATE REPORT
NATIONAL WEATHER SERVICE JACKSONVILLE FL
916 AM EDT THU SEP 01 2022

...................................

...THE CRAIG EXEC ARPT CLIMATE SUMMARY FOR THE MONTH OF AUGUST 2022...

CLIMATE NORMAL PERIOD: 1991 TO 2020
CLIMATE RECORD PERIOD: 1974 TO 2022

WEATHER         OBSERVED          NORMAL  DEPART   LAST YEAR`S
                VALUE   DATE(S)   VALUE   FROM     VALUE DATE(S)
                                          NORMAL
................................................................
TEMPERATURE (F)
RECORD
 HIGH            101   08/02/1999
 LOW              64   08/09/2002
HIGHEST           98   08/02         97       1       96  08/20
LOWEST            66   08/15         70      -4       72  08/14
                                                          08/24
                                                          08/30
AVG. MAXIMUM    91.6               89.8     1.8     90.4
AVG. MINIMUM    74.8               73.5     1.3     75.4
MEAN            83.2               81.7     1.5     82.9
DAYS MAX >= 90    25               20.0     5.0       21
DAYS MIN <= 32     0                0.0     0.0        0

PRECIPITATION (INCHES)
RECORD
 MAXIMUM       14.27   2008
 MINIMUM        1.74   2007
TOTALS          6.88               6.87    0.01     9.21
DAILY AVG.      0.22               0.22    0.00     0.30
DAYS >= .01       18               16.1     1.9       19
DAYS >= .10       12                9.5     2.5       13
DAYS >= .50        5                4.9     0.1        7
DAYS >= 1.00       2                2.3    -0.3        2
GREATEST
 24 HR. TOTAL   1.71   08/31 TO 08/31

SNOWFALL (INCHES)
RECORDS
 TOTAL             T   1976
TOTALS           0.0                0.0     0.0      0.0

DEGREE DAYS
HEATING TOTAL      0                  0       0        0
 SINCE 7/1         0                  0       0       MM
COOLING TOTAL    573                516      57      563
 SINCE 1/1      2456               2023     433       MM
................................................................

WIND (MPH)
AVERAGE WIND SPEED              4.5
HIGHEST WIND SPEED/DIRECTION    28/250    DATE  08/11
HIGHEST GUST SPEED/DIRECTION    43/250    DATE  08/11

SKY COVER
AVERAGE SKY COVER           0.24

AVERAGE RH (PERCENT)     76

WEATHER CONDITIONS. NUMBER OF DAYS WITH
THUNDERSTORM             22     MIXED PRECIP               0
HEAVY RAIN               11     RAIN                      13
LIGHT RAIN               21     FREEZING RAIN              0
LT FREEZING RAIN          0     HAIL                       0
HEAVY SNOW                0     SNOW                       0
LIGHT SNOW                0     SLEET                      0
FOG                      15     FOG W/VIS <= 1/4 MILE      1
HAZE                      0

-  INDICATES NEGATIVE NUMBERS.
R  INDICATES RECORD WAS SET OR TIED.
MM INDICATES DATA IS MISSING.
T  INDICATES TRACE AMOUNT.

$$
