000
CXUS54 KCRP 011541
CLMCRP

CLIMATE REPORT
NATIONAL WEATHER SERVICE CORPUS CHRISTI TX
1021 AM CDT SAT OCT 01 2022

...................................

...THE CORPUS CHRISTI CLIMATE SUMMARY FOR THE MONTH OF SEPTEMBER 2022...

CLIMATE NORMAL PERIOD 1991 TO 2020
CLIMATE RECORD PERIOD 1887 TO 2022

WEATHER         OBSERVED          NORMAL  DEPART   LAST YEAR`S
                VALUE   DATE(S)   VALUE   FROM     VALUE DATE(S)
                                          NORMAL
................................................................
TEMPERATURE (F)
RECORD
 HIGH            109   09/05/2000
 LOW              51   09/30/2020
HIGHEST           98   09/26         90       8       99  09/02
                                                          09/05
LOWEST            64   09/28         72      -8       57  09/23
                       09/29
AVG. MAXIMUM    93.2               90.8     2.4     93.3
AVG. MINIMUM    74.6               73.0     1.6     71.3
MEAN            83.9               81.9     2.0     82.3
DAYS MAX >= 90    26               19.6     6.4       22
DAYS MAX <= 32     0                0.0     0.0        0
DAYS MIN <= 32     0                0.0     0.0        0
DAYS MIN <= 0      0                0.0     0.0        0

PRECIPITATION (INCHES)
RECORD
 MAXIMUM       20.33   1967
 MINIMUM           T   1920
TOTALS          1.66               5.42   -3.76     7.44
DAILY AVG.      0.06               0.18   -0.12     0.25
DAYS >= .01        6                9.8    -3.8        6
DAYS >= .10        4                7.0    -3.0        5
DAYS >= .50        2                3.5    -1.5        4
DAYS >= 1.00       0                1.8    -1.8        3
GREATEST
 24 HR. TOTAL   0.79   09/03 TO 09/03               3.11

SNOWFALL (INCHES)
RECORDS
 TOTAL           0.0   MM
 24 HR TOTAL     0.0   MM
TOTALS           0.0                0.0     0.0      0.0
SINCE 7/1        0.0                0.0     0.0       MM
SNOWDEPTH AVG.     0                                   0
DAYS >= 1.0        0                0.0     0.0        0
GREATEST
 SNOW DEPTH        0                                   0
 24 HR TOTAL                                         0.0

DEGREE DAYS
HEATING TOTAL      0                  0       0        0
 SINCE 7/1         0                  0       0       MM
COOLING TOTAL    571                507      64      526
 SINCE 1/1      3496               3228     268       MM
................................................................

WIND (MPH)
AVERAGE WIND SPEED              6.4
HIGHEST WIND SPEED/DIRECTION    23/020    DATE  09/26
HIGHEST GUST SPEED/DIRECTION    32/060    DATE  09/28

SKY COVER
AVERAGE SKY COVER           0.44

AVERAGE RH (PERCENT)     71

WEATHER CONDITIONS. NUMBER OF DAYS WITH
THUNDERSTORM              6     MIXED PRECIP               0
HEAVY RAIN                2     RAIN                       3
LIGHT RAIN               11     FREEZING RAIN              0
LT FREEZING RAIN          0     HAIL                       0
HEAVY SNOW                0     SNOW                       0
LIGHT SNOW                0     SLEET                      0
FOG                       6     FOG W/VIS <= 1/4 MILE      0
HAZE                      1

-  INDICATES NEGATIVE NUMBERS.
R  INDICATES RECORD WAS SET OR TIED.
MM INDICATES DATA IS MISSING.
T  INDICATES TRACE AMOUNT.

$$
