000
CXUS51 KRLX 020556
CLMCRW

CLIMATE REPORT
NATIONAL WEATHER SERVICE CHARLESTON WV
156 AM EDT SUN OCT 02 2022

...................................

...THE CHARLESTON WV CLIMATE SUMMARY FOR THE MONTH OF SEPTEMBER 2022...

CLIMATE NORMAL PERIOD: 1991 TO 2020
CLIMATE RECORD PERIOD: 1901 TO 2022

WEATHER         OBSERVED          NORMAL  DEPART   LAST YEAR`S
                VALUE   DATE(S)   VALUE   FROM     VALUE
                                          NORMAL
..............................................................
TEMPERATURE (F)
RECORD
 HIGH            104   09/03/1932
                       09/02/1932
                       09/01/1932
 LOW              32   09/29/1942
HIGHEST           88   09/02                          88
LOWEST            41   09/30                          44
AVG. MAXIMUM    76.9               79.5    -2.6     79.5
AVG. MINIMUM    56.2               57.1    -0.9     57.5
MEAN            66.5               68.3    -1.8     68.5
DAYS MAX >= 90     0                3.2    -3.2        0
DAYS MAX <= 32     0                0.0     0.0        0
DAYS MAX >= 80    14                                  16
DAYS MAX >= 100    0                                   0
DAYS MIN <= 32     0                0.0     0.0        0
DAYS MIN <= 0      0                0.0     0.0        0
DAYS MIN <= 10     0                                   0

PRECIPITATION (INCHES)
RECORD
 MAXIMUM       11.62   2018
 MINIMUM        0.46   1908
TOTALS          1.40               3.46   -2.06     1.99
DAILY AVG.      0.05               0.12   -0.07     0.07
DAYS >= .01        9                9.0     0.0        9
DAYS >= .10        5                5.7    -0.7        6
DAYS >= .50        0                2.3    -2.3        2
DAYS >= 1.00       0                1.1    -1.1        0
GREATEST
 24 HR. TOTAL   0.54   09/04 TO 09/05               0.69

SNOWFALL (INCHES)
RECORDS
 TOTAL            MM   MM
 24 HR TOTAL      MM
 SNOW DEPTH        0   MM
TOTALS           0.0                0.0     0.0      0.0
SINCE 7/1        0.0                0.0     0.0       MM
SNOWDEPTH AVG.     0                                   0
DAYS >= TRACE      0                0.0     0.0        0
DAYS >= 1.0        0                0.0     0.0        0
GREATEST
 SNOW DEPTH        0                                   0
 24 HR TOTAL     0.0                                  MM

DEGREE DAYS
HEATING TOTAL     67                 45      22       26
 SINCE 7/1        67                 44      23       MM
COOLING TOTAL    120                144     -24      135
 SINCE 1/1      1149               1135      14       MM

FREEZE DATES
RECORD
 EARLIEST     MM
 LATEST       MM
EARLIEST                        MM
LATEST                          04/20
..............................................................

WIND (MPH)
AVERAGE WIND SPEED              2.7
HIGHEST WIND SPEED/DIRECTION    24/320    DATE  09/11
HIGHEST GUST SPEED/DIRECTION    33/330    DATE  09/22

SKY COVER
POSSIBLE SUNSHINE (PERCENT)   MM
AVERAGE SKY COVER           0.58
NUMBER OF DAYS FAIR            3
NUMBER OF DAYS PC             21
NUMBER OF DAYS CLOUDY          6

AVERAGE RH (PERCENT)     77

WEATHER CONDITIONS. NUMBER OF DAYS WITH
THUNDERSTORM              1     MIXED PRECIP               0
HEAVY RAIN                1     RAIN                       3
LIGHT RAIN               12     FREEZING RAIN              0
LT FREEZING RAIN          0     HAIL                       0
HEAVY SNOW                0     SNOW                       0
LIGHT SNOW                0     SLEET                      0
FOG                      28     FOG W/VIS <= 1/4 MILE     12
HAZE                      1

-  INDICATES NEGATIVE NUMBERS.
R  INDICATES RECORD WAS SET OR TIED.
MM INDICATES DATA IS MISSING.
T  INDICATES TRACE AMOUNT.

$$
