000
CXUS52 KFFC 051828
CLMCSG

CLIMATE REPORT
NATIONAL WEATHER SERVICE PEACHTREE CITY GA
228 PM EDT MON SEP 05 2022

...................................

...THE COLUMBUS CLIMATE SUMMARY FOR THE MONTH OF AUGUST 2022...

CLIMATE NORMAL PERIOD: 1991 TO 2020
CLIMATE RECORD PERIOD: 1948 TO 2022

WEATHER         OBSERVED          NORMAL  DEPART   LAST YEAR`S
                VALUE   DATE(S)   VALUE   FROM     VALUE DATE(S)
                                          NORMAL
................................................................
TEMPERATURE (F)
RECORD
 HIGH            130   08/14/2019
 LOW              57   08/28/1952
                       08/05/1950
HIGHEST           96   08/01         MM      MM       95  08/14
                                                          08/23
                                                          08/24
LOWEST            70   08/13         MM      MM       68  08/06
                       08/14
                       08/15
AVG. MAXIMUM    89.6               91.8    -2.2     90.1
AVG. MINIMUM    72.3               73.0    -0.7     72.8
MEAN            80.9               82.4    -1.5     81.4
DAYS MAX >= 90    19               21.2    -2.2       18
DAYS MAX <= 32     0                0.0     0.0        0
DAYS MIN <= 32     0                0.0     0.0        0
DAYS MIN <= 0      0                0.0     0.0        0

PRECIPITATION (INCHES)
RECORD
 MAXIMUM       10.11   1991
 MINIMUM        1.47   2002
TOTALS          5.12               4.68    0.44     7.25
DAILY AVG.      0.17               0.15    0.02     0.23
DAYS >= .01       13               11.2     1.8       16
DAYS >= .10        9                7.0     2.0       12
DAYS >= .50        3                2.8     0.2        6
DAYS >= 1.00       2                1.2     0.8        2
GREATEST
 24 HR. TOTAL   1.74   08/18 TO 08/19               2.28  08/16 TO 08/17

DEGREE DAYS
HEATING TOTAL      0                  0       0        0
 SINCE 7/1         0                  0       0       MM
COOLING TOTAL    501                539     -38      516
 SINCE 1/1      2052               1988      64       MM
................................................................

WIND (MPH)
AVERAGE WIND SPEED              4.1
HIGHEST WIND SPEED/DIRECTION    33/070    DATE  08/07
HIGHEST GUST SPEED/DIRECTION    65/080    DATE  08/07

SKY COVER
POSSIBLE SUNSHINE (PERCENT)   MM
AVERAGE SKY COVER           0.37
NUMBER OF DAYS FAIR           18
NUMBER OF DAYS PC             10
NUMBER OF DAYS CLOUDY          3

AVERAGE RH (PERCENT)     75

WEATHER CONDITIONS. NUMBER OF DAYS WITH
THUNDERSTORM             16     MIXED PRECIP               0
HEAVY RAIN                9     RAIN                       5
LIGHT RAIN               17     FREEZING RAIN              0
LT FREEZING RAIN          0     HAIL                       0
HEAVY SNOW                0     SNOW                       0
LIGHT SNOW                0     SLEET                      0
FOG                      13     FOG W/VIS <= 1/4 MILE      1
HAZE                      2

-  INDICATES NEGATIVE NUMBERS.
R  INDICATES RECORD WAS SET OR TIED.
MM INDICATES DATA IS MISSING.
T  INDICATES TRACE AMOUNT.

$$
