000
CXUS54 KOHX 010630
CLMCSV

CLIMATE REPORT
NATIONAL WEATHER SERVICE NASHVILLE, TN
130 AM CDT THU SEP 01 2022

...................................

...THE CROSSVILLE CLIMATE SUMMARY FOR THE MONTH OF AUGUST 2022...

CLIMATE NORMAL PERIOD: 1991 TO 2020
CLIMATE RECORD PERIOD: 1954 TO 2022

WEATHER         OBSERVED          NORMAL  DEPART   LAST YEAR`S
                VALUE   DATE(S)   VALUE   FROM     VALUE
                                          NORMAL
..............................................................
TEMPERATURE (F)
RECORD
 HIGH             99   08/21/1983
 LOW              42   08/22/1956
HIGHEST           87   08/03
LOWEST            57   08/13
AVG. MAXIMUM    81.4               82.7    -1.3
AVG. MINIMUM    63.7               63.1     0.6
MEAN            72.5               72.9    -0.4       MM
DAYS MAX >= 90     0
DAYS MAX <= 32     0
DAYS MIN <= 32     0
DAYS MIN <= 0      0

PRECIPITATION (INCHES)
RECORD
 MAXIMUM          MM   MM
 MINIMUM          MM   MM
TOTALS          5.49               3.61    1.88
DAYS >= .01       12
DAYS >= .10        8
DAYS >= .50        4
DAYS >= 1.00       1
GREATEST
 24 HR. TOTAL   2.51   08/20 TO 08/21

SNOWFALL (INCHES)
TOTALS            MM                 MM      MM
SINCE 7/1         MM                         MM
DAYS >= TRACE     MM
DAYS >= 1.0       MM

DEGREE DAYS
HEATING TOTAL      0                  2      -2
 SINCE 7/1         0                  1      -1
COOLING TOTAL    239                247      -8
 SINCE 1/1       888                766     122
..............................................................

WIND (MPH)
AVERAGE WIND SPEED              3.2
HIGHEST GUST SPEED/DIRECTION    46/270    DATE  08/20

SKY COVER
POSSIBLE SUNSHINE (PERCENT)   MM
AVERAGE SKY COVER           0.32
NUMBER OF DAYS FAIR           22
NUMBER OF DAYS PC              6
NUMBER OF DAYS CLOUDY          3

AVERAGE RH (PERCENT)     81

WEATHER CONDITIONS. NUMBER OF DAYS WITH
THUNDERSTORM             12     MIXED PRECIP               0
HEAVY RAIN                7     RAIN                       8
LIGHT RAIN               11     FREEZING RAIN              0
LT FREEZING RAIN          0     HAIL                       0
HEAVY SNOW                0     SNOW                       0
LIGHT SNOW                0     SLEET                      0
FOG                      29     FOG W/VIS <= 1/4 MILE      8
HAZE                      2

-  INDICATES NEGATIVE NUMBERS.
R  INDICATES RECORD WAS SET OR TIED.
MM INDICATES DATA IS MISSING.
T  INDICATES TRACE AMOUNT.

$$
