000
CXUS52 KCAE 011724
CLMCUB

CLIMATE REPORT
NATIONAL WEATHER SERVICE COLUMBIA SC
124 PM EDT THU SEP 01 2022

...................................

...THE HAMILTON - OWENS AIRPORT SC CLIMATE SUMMARY FOR THE MONTH OF AUGUST 2022...

CLIMATE NORMAL PERIOD: 1991 TO 2020
CLIMATE RECORD PERIOD: 9999 TO 9999

WEATHER         OBSERVED          NORMAL  DEPART   LAST YEAR`S
                VALUE   DATE(S)   VALUE   FROM     VALUE
                                          NORMAL
..............................................................
TEMPERATURE (F)
HIGHEST           97   08/01         MM      MM
                       08/02
LOWEST            64   08/14         MM      MM
AVG. MAXIMUM    89.5               91.3    -1.8
AVG. MINIMUM    72.4               72.3     0.1
MEAN            81.0               81.8    -0.8
DAYS MAX >= 90    17               21.5    -4.5
DAYS MAX <= 32     0                0.0     0.0
DAYS MIN <= 32     0                0.0     0.0
DAYS MIN <= 0      0                0.0     0.0

PRECIPITATION (INCHES)
TOTALS          3.46R              4.65   -1.19
DAYS >= .01       13               10.3     2.7
DAYS >= .10        8                6.6     1.4
DAYS >= .50        4                2.7     1.3
DAYS >= 1.00       0                1.2    -1.2
GREATEST
 24 HR. TOTAL   0.71   08/15 TO 08/15

DAYS >= TRACE     MM

DEGREE DAYS
HEATING TOTAL      0                  0       0
 SINCE 7/1         0                  0       0
COOLING TOTAL    503                521     -18
 SINCE 1/1      2071               1928     143
..............................................................

WIND (MPH)
AVERAGE WIND SPEED              2.9
RESULTANT WIND SPEED/DIRECTION   1/180
HIGHEST WIND SPEED/DIRECTION    30/170    DATE  08/09
HIGHEST GUST SPEED/DIRECTION    38/170    DATE  08/09

SKY COVER
POSSIBLE SUNSHINE (PERCENT)   MM
AVERAGE SKY COVER           0.32
NUMBER OF DAYS FAIR           19
NUMBER OF DAYS PC              9
NUMBER OF DAYS CLOUDY          3

AVERAGE RH (PERCENT)     73

WEATHER CONDITIONS. NUMBER OF DAYS WITH
THUNDERSTORM              9     MIXED PRECIP               0
HEAVY RAIN                7     RAIN                       7
LIGHT RAIN               15     FREEZING RAIN              0
LT FREEZING RAIN          0     HAIL                       0
HEAVY SNOW                0     SNOW                       0
LIGHT SNOW                0     SLEET                      0
FOG                      21     FOG W/VIS <= 1/4 MILE      2
HAZE                      8

-  INDICATES NEGATIVE NUMBERS.
R  INDICATES RECORD WAS SET OR TIED.
MM INDICATES DATA IS MISSING.
T  INDICATES TRACE AMOUNT.

$$
