000
CXUS53 KUNR 011522
CLMCUT

CLIMATE REPORT
NATIONAL WEATHER SERVICE RAPID CITY SD
922 AM MDT SAT OCT 01 2022

...................................

...THE CUSTER COUNTY AIRPORT SD CLIMATE SUMMARY FOR THE MONTH OF SEPTEMBER 2022...

CLIMATE NORMAL PERIOD 1991 TO 2020
CLIMATE RECORD PERIOD 9999 TO 9999

WEATHER         OBSERVED          NORMAL  DEPART   LAST YEAR`S
                VALUE   DATE(S)   VALUE   FROM     VALUE DATE(S)
                                          NORMAL
................................................................
TEMPERATURE (F)
HIGHEST           93   09/07                          92  09/10
LOWEST            32   09/10                          36  09/30
AVG. MAXIMUM    74.9               69.0     5.9     74.4
AVG. MINIMUM    46.6               42.9     3.7     45.5
MEAN            60.7               55.9     4.8     60.0
DAYS MAX >= 90     2                                   1
DAYS MAX <= 32     0                                   0
DAYS MIN <= 32     1                                   0
DAYS MIN <= 0      0                                   0

PRECIPITATION (INCHES)
TOTALS          0.46R              1.59   -1.13     1.18
DAILY AVG.      0.02               0.05   -0.03     0.04
DAYS >= .01        6                                   8
DAYS >= .10        2                                   3
DAYS >= .50        0                                   1
DAYS >= 1.00       0                                   0
GREATEST
 24 HR. TOTAL   0.27   09/08 TO 09/09               0.64


DEGREE DAYS
HEATING TOTAL    164                288    -124      160
 SINCE 7/1       210                419    -209       MM
COOLING TOTAL     44                 16      28       25
 SINCE 1/1       314                209     105       MM
................................................................

WIND (MPH)
AVERAGE WIND SPEED              5.8
HIGHEST WIND SPEED/DIRECTION    30/270    DATE  09/23
HIGHEST GUST SPEED/DIRECTION    46/260    DATE  09/23

AVERAGE RH (PERCENT)     51

WEATHER CONDITIONS. NUMBER OF DAYS WITH
THUNDERSTORM              3     MIXED PRECIP               0
HEAVY RAIN                0     RAIN                       2
LIGHT RAIN                7     FREEZING RAIN              0
LT FREEZING RAIN          0     HAIL                       0
HEAVY SNOW                0     SNOW                       0
LIGHT SNOW                0     SLEET                      0
FOG                       8     FOG W/VIS <= 1/4 MILE      1
HAZE                      3

-  INDICATES NEGATIVE NUMBERS.
R  INDICATES RECORD WAS SET OR TIED.
MM INDICATES DATA IS MISSING.
T  INDICATES TRACE AMOUNT.

$$
