000
CXUS51 KILN 011942
CLMCVG

CLIMATE REPORT
NATIONAL WEATHER SERVICE WILMINGTON OH
342 PM EDT SAT OCT 01 2022

...................................

...THE CINCINNATI OH CLIMATE SUMMARY FOR THE MONTH OF SEPTEMBER 2022...

CLIMATE NORMAL PERIOD: 1991 TO 2020
CLIMATE RECORD PERIOD: 1869 TO 2022

WEATHER         OBSERVED          NORMAL  DEPART   LAST YEAR`S
                VALUE   DATE(S)   VALUE   FROM     VALUE DATE(S)
                                          NORMAL
................................................................
TEMPERATURE (F)
RECORD
 HIGH            102   09/02/1953
                       09/01/1953
 LOW              31   09/30/1993
HIGHEST           93   09/21         78      15       89  09/18
LOWEST            40   09/28         56     -16       46  09/24
AVG. MAXIMUM    77.6               78.9    -1.3     80.0
AVG. MINIMUM    58.6               57.3     1.3     60.2
MEAN            68.1               68.1    -0.0     70.1
DAYS MAX >= 90     1                3.1    -2.1        0
DAYS MAX <= 32     0                0.0     0.0        0
DAYS MIN <= 32     0                0.0     0.0        0
DAYS MIN <= 0      0                0.0     0.0        0

PRECIPITATION (INCHES)
TOTALS          1.94               3.11   -1.17     2.72
DAILY AVG.      0.06               0.10   -0.04     0.09
DAYS >= .01       11                8.3     2.7       11
DAYS >= .10        5                4.8     0.2        4
DAYS >= .50        2                1.9     0.1        3
DAYS >= 1.00       0                0.8    -0.8        0
GREATEST
 24 HR. TOTAL   0.55   09/11 TO 09/11

SNOWFALL (INCHES)
TOTALS           0.0                0.0     0.0      0.0
SINCE 7/1        0.0                0.0     0.0      0.0
DAYS >= TRACE      0                0.0     0.0        0
DAYS >= 1.0        0                0.0     0.0        0
GREATEST
 24 HR TOTAL     0.0

DEGREE DAYS
HEATING TOTAL     53                 53       0       21
 SINCE 7/1        53                 55      -2       21
COOLING TOTAL    155                146       9      183
 SINCE 1/1      1319               1137     182     1284
................................................................

WIND (MPH)
AVERAGE WIND SPEED              7.2
RESULTANT WIND SPEED/DIRECTION   1/280
HIGHEST WIND SPEED/DIRECTION    26/340    DATE  09/21
                                26/280          09/26
HIGHEST GUST SPEED/DIRECTION    33/350    DATE  09/21
                                33/330          09/22

SKY COVER
AVERAGE SKY COVER           0.48

AVERAGE RH (PERCENT)     74

WEATHER CONDITIONS. NUMBER OF DAYS WITH
THUNDERSTORM              5     MIXED PRECIP               0
HEAVY RAIN                3     RAIN                       6
LIGHT RAIN               12     FREEZING RAIN              0
LT FREEZING RAIN          0     HAIL                       0
HEAVY SNOW                0     SNOW                       0
LIGHT SNOW                0     SLEET                      0
FOG                      16     FOG W/VIS <= 1/4 MILE      1
HAZE                      2

-  INDICATES NEGATIVE NUMBERS.
R  INDICATES RECORD WAS SET OR TIED.
MM INDICATES DATA IS MISSING.
T  INDICATES TRACE AMOUNT.

$$
