000
CXUS53 KUNR 011522
CLMD07

CLIMATE REPORT
NATIONAL WEATHER SERVICE RAPID CITY SD
922 AM MDT SAT OCT 01 2022

...................................

...THE FAITH SD CLIMATE SUMMARY FOR THE MONTH OF SEPTEMBER 2022...

CLIMATE NORMAL PERIOD 1991 TO 2020
CLIMATE RECORD PERIOD 9999 TO 9999

WEATHER         OBSERVED          NORMAL  DEPART   LAST YEAR`S
                VALUE   DATE(S)   VALUE   FROM     VALUE DATE(S)
                                          NORMAL
................................................................
TEMPERATURE (F)
HIGHEST           99   09/01                          97  09/18
LOWEST            42   09/10                          41  09/22
                       09/22
                       09/26
                                                          09/23
AVG. MAXIMUM    80.3               75.6     4.7     80.3
AVG. MINIMUM    51.5               48.2     3.3     50.2
MEAN            65.9               61.9     4.0     65.3
DAYS MAX >= 90     7                                   7
DAYS MAX <= 32     0                                   0
DAYS MIN <= 32     0                                   0
DAYS MIN <= 0      0                                   0

PRECIPITATION (INCHES)
TOTALS          0.76               1.18   -0.42     0.53
DAILY AVG.      0.03               0.04   -0.01     0.02
DAYS >= .01        6                                   4
DAYS >= .10        2                                   2
DAYS >= .50        0                                   0
DAYS >= 1.00       0                                   0
GREATEST
 24 HR. TOTAL   0.45   09/16 TO 09/17               0.22


DEGREE DAYS
HEATING TOTAL     77                165     -88       57
 SINCE 7/1        77                196    -119       MM
COOLING TOTAL    112                 72      40       74
 SINCE 1/1       874                652     222       MM
................................................................

WIND (MPH)
AVERAGE WIND SPEED              11.8
HIGHEST WIND SPEED/DIRECTION    33/020    DATE  09/08
                                33/180          09/22
HIGHEST GUST SPEED/DIRECTION    44/160    DATE  09/22
                                44/290          09/23

AVERAGE RH (PERCENT)     54


-  INDICATES NEGATIVE NUMBERS.
R  INDICATES RECORD WAS SET OR TIED.
MM INDICATES DATA IS MISSING.
T  INDICATES TRACE AMOUNT.

$$
