000
CXUS52 KMLB 011235
CLMDAB

CLIMATE REPORT
NATIONAL WEATHER SERVICE MELBOURNE FL
835 AM EDT THU SEP 01 2022

...................................

...THE DAYTONA BEACH CLIMATE SUMMARY FOR THE MONTH OF AUGUST 2022...

CLIMATE NORMAL PERIOD 1991 TO 2020
CLIMATE RECORD PERIOD 1923 TO 2022

WEATHER         OBSERVED          NORMAL  DEPART   LAST YEAR`S
                VALUE   DATE(S)   VALUE   FROM     VALUE
                                          NORMAL
..............................................................
TEMPERATURE (F)
MONTHLY RECORD
 HOTTEST        84.0   2007
 COLDEST        78.7   1967
DAILY RECORD
 HIGH            101   08/27/1938
                       08/18/1938
 LOW              63   08/04/1938
AUGUST 2022
HIGHEST           95   08/16                          97
LOWEST            71   08/03                          69
AVG. MAXIMUM    91.6               89.8     1.8     90.9
AVG. MINIMUM    74.9               74.1     0.8     75.9
MEAN            83.3               81.9     1.4     83.4
DAYS MAX >= 90    26               17.2     8.8       21
DAYS MAX <= 32     0                0.0     0.0        0
DAYS MIN <= 32     0                0.0     0.0        0
DAYS MIN <= 0      0                0.0     0.0        0

PRECIPITATION (INCHES)
MONTHLY RECORD
 MAXIMUM       19.89   1953
 MINIMUM        2.01   1963
DAILY RECORD
 MAXIMUM        7.00   08/07/2004
AUGUST 2022
TOTALS          8.49               6.58    1.91     8.34
DAYS >= .01       13               14.8    -1.8       13
DAYS >= .10       11                9.9     1.1       12
DAYS >= .50        6                4.5     1.5        7
DAYS >= 1.00       3                1.9     1.1        4
GREATEST
 24 HR. TOTAL   2.12   08/27 TO 08/28

SNOWFALL (INCHES)
TOTALS           0.0                 MM      MM      0.0
SINCE 7/1        0.0                 MM      MM       MM
DAYS >= TRACE      0                                   0

DEGREE DAYS
HEATING TOTAL      0                  0       0        0
 SINCE 7/1         0                  0       0       MM
COOLING TOTAL    576                525      51      577
 SINCE 1/1      2576               2174     402       MM
..............................................................

WIND (MPH)
AVERAGE WIND SPEED              4.2
HIGHEST WIND SPEED/DIRECTION    29/050    DATE  08/31
HIGHEST GUST SPEED/DIRECTION    38/360    DATE  08/31

SKY COVER
POSSIBLE SUNSHINE (PERCENT)   MM
AVERAGE SKY COVER           0.58
NUMBER OF DAYS FAIR            5
NUMBER OF DAYS PC             18
NUMBER OF DAYS CLOUDY          8

AVERAGE RH (PERCENT)     74

WEATHER CONDITIONS. NUMBER OF DAYS WITH
THUNDERSTORM             21     MIXED PRECIP               0
HEAVY RAIN               10     RAIN                       8
LIGHT RAIN               17     LT FREEZING RAIN           0
HAIL                      0     LIGHT SNOW                 0
SLEET                     0     FOG                       22
FOG W/VIS <= 1/4 MILE     0     HAZE                       8

-  INDICATES NEGATIVE NUMBERS.
R  INDICATES RECORD WAS SET OR TIED.
MM INDICATES DATA IS MISSING.
T  INDICATES TRACE AMOUNT.

$$
