000
CXUS51 KRNK 011531 CCA
CLMDAN

CLIMATE REPORT
NATIONAL WEATHER SERVICE BLACKSBURG, VA
142 AM EDT SAT OCT 01 2022

...................................

...THE DANVILLE VA CLIMATE SUMMARY FOR THE MONTH OF SEPTEMBER 2022...

CLIMATE NORMAL PERIOD: 1991 TO 2020
CLIMATE RECORD PERIOD: 1916 TO 2022

WEATHER         OBSERVED          NORMAL  DEPART   LAST YEAR`S
                VALUE   DATE(S)   VALUE   FROM     VALUE
                                          NORMAL
..............................................................
TEMPERATURE (F)
RECORD
 HIGH            104   09/06/1954
 LOW              34   09/30/1951
HIGHEST           90   09/22                          93
LOWEST            40   09/28                          45
AVG. MAXIMUM    80.3               80.9    -0.6     83.8
AVG. MINIMUM    58.0               59.0    -1.0     58.7
MEAN            69.1               70.0    -0.9     71.2
DAYS MAX >= 90     1                4.5    -3.5        5
DAYS MAX <= 32     0                0.0     0.0        0
DAYS MIN <= 32     0                0.0     0.0        0
DAYS MIN <= 0      0                0.0     0.0        0

PRECIPITATION (INCHES)
RECORD
 MAXIMUM       14.64   1996
 MINIMUM        0.04   2019
TOTALS          1.92               4.25   -2.33     2.14
DAYS >= .01        6                8.8    -2.8        5
DAYS >= .10        4                5.0    -1.0        3
DAYS >= .50        1                2.6    -1.6        1
DAYS >= 1.00       1                1.4    -0.4        1
GREATEST
 24 HR. TOTAL   1.12                                1.39

SNOWFALL (INCHES)
TOTALS           0.0                0.0     0.0      0.0
DAYS >= TRACE      0                0.0     0.0        0
DAYS >= 1.0        0                0.0     0.0        0
GREATEST
 24 HR TOTAL     0.0                                 0.0

DEGREE DAYS
HEATING TOTAL     29                 29       0       12
COOLING TOTAL    168                178     -10      206
..............................................................

WIND (MPH)
AVERAGE WIND SPEED              4.0
RESULTANT WIND SPEED/DIRECTION   1/010
HIGHEST WIND SPEED/DIRECTION    24/040    DATE  09/29
HIGHEST GUST SPEED/DIRECTION    34/050    DATE  09/29

SKY COVER
AVERAGE SKY COVER           0.24

AVERAGE RH (PERCENT)     69

WEATHER CONDITIONS. NUMBER OF DAYS WITH
THUNDERSTORM              0     MIXED PRECIP               0
HEAVY RAIN                2     RAIN                       4
LIGHT RAIN               10     FREEZING RAIN              0
LT FREEZING RAIN          0     HAIL                       0
HEAVY SNOW                0     SNOW                       0
LIGHT SNOW                0     SLEET                      0
FOG                      14     FOG W/VIS <= 1/4 MILE      1
HAZE                      0

-  INDICATES NEGATIVE NUMBERS.
R  INDICATES RECORD WAS SET OR TIED.
MM INDICATES DATA IS MISSING.
T  INDICATES TRACE AMOUNT.

REMARKS: DUE TO POWER OUTAGE ON SEPT 30TH, 2022, WIND INFORMATION
WILL BE CALCULATED WITHOUT DATA FROM THIS DATE.

$$
