000
CXUS51 KILN 012100 CCB
CLMDAY

CLIMATE REPORT...CORRECTED
NATIONAL WEATHER SERVICE WILMINGTON OH
459 PM EDT THU SEP 01 2022

...................................

...THE DAYTON OH CLIMATE SUMMARY FOR THE MONTH OF AUGUST 2022...

CLIMATE NORMAL PERIOD: 1991 TO 2020
CLIMATE RECORD PERIOD: 1869 TO 2022

WEATHER         OBSERVED          NORMAL  DEPART   LAST YEAR`S
                VALUE   DATE(S)   VALUE   FROM     VALUE DATE(S)
                                          NORMAL
................................................................
TEMPERATURE (F)
RECORD
 HIGH            103   08/05/1918
 LOW              40   08/03/1965
                       08/28/1910
                       08/28/1894
HIGHEST           93   08/03         83      10       94  08/27
                       08/29
LOWEST            56   08/13         63      -7       55  08/02
AVG. MAXIMUM    84.5               84.6    -0.1     86.5
AVG. MINIMUM    64.9               64.3     0.6     67.4
MEAN            74.7               74.5     0.2     76.9
DAYS MAX >= 90     5                4.2     0.8       10
DAYS MAX <= 32     0                0.0     0.0        0
DAYS MIN <= 32     0                0.0     0.0        0
DAYS MIN <= 0      0                0.0     0.0        0

PRECIPITATION (INCHES)
TOTALS          1.59               2.96   -1.37     2.91
DAILY AVG.      0.05               0.10   -0.05     0.09
DAYS >= .01        9                8.1     0.9       13
DAYS >= .10        5                5.1    -0.1        7
DAYS >= .50        1                2.0    -1.0        1
DAYS >= 1.00       0                0.8    -0.8        0
GREATEST
 24 HR. TOTAL   0.53   08/29 TO 08/30               0.91  08/30 TO 08/30

SNOWFALL (INCHES)
TOTALS           0.0                0.0     0.0      0.0
SINCE 7/1        0.0                0.0     0.0      0.0
DAYS >= TRACE      0                0.0     0.0        0
DAYS >= 1.0        0                0.0     0.0        0
GREATEST
 24 HR TOTAL     0.0                                 0.0

DEGREE DAYS
HEATING TOTAL      0                  3      -3        0
 SINCE 7/1         0                  0       0        0
COOLING TOTAL    306                296      10      378
 SINCE 1/1      1065                990      75     1100
................................................................

WIND (MPH)
AVERAGE WIND SPEED              7.7
RESULTANT WIND SPEED/DIRECTION   2/230
HIGHEST WIND SPEED/DIRECTION    29/240    DATE  08/29
HIGHEST GUST SPEED/DIRECTION    32/250    DATE  08/01
                                32/240          08/29

SKY COVER
AVERAGE SKY COVER           0.48

AVERAGE RH (PERCENT)     70

WEATHER CONDITIONS. NUMBER OF DAYS WITH
THUNDERSTORM              6     MIXED PRECIP               0
HEAVY RAIN                4     RAIN                       5
LIGHT RAIN               13     FREEZING RAIN              0
LT FREEZING RAIN          0     HAIL                       0
HEAVY SNOW                0     SNOW                       0
LIGHT SNOW                0     SLEET                      0
FOG                      12     FOG W/VIS <= 1/4 MILE      0
HAZE                      3

-  INDICATES NEGATIVE NUMBERS.
R  INDICATES RECORD WAS SET OR TIED.
MM INDICATES DATA IS MISSING.
T  INDICATES TRACE AMOUNT.

$$
