000
CXUS51 KALY 011952 CCA
CLMDDH

CLIMATE REPORT
NATIONAL WEATHER SERVICE ALBANY NY
357 AM EDT THU SEP 01 2022

...................................

...THE BENNINGTON VT CLIMATE SUMMARY FOR THE MONTH OF AUGUST 2022...

CLIMATE NORMAL PERIOD: 1991 TO 2020
CLIMATE RECORD PERIOD: 9999 TO 9999

WEATHER         OBSERVED          NORMAL  DEPART   LAST YEAR`S
                VALUE   DATE(S)   VALUE   FROM     VALUE DATE(S)
                                          NORMAL
................................................................
TEMPERATURE (F)
HIGHEST           95   08/04                          89  08/11
                                                          08/12
                                                          08/13
LOWEST            48   08/14                          47  08/03
AVG. MAXIMUM    83.5               79.2     4.3     81.1
AVG. MINIMUM    59.2               55.3     3.9     60.4
MEAN            71.4               67.3     4.1     70.8
DAYS MAX >= 90     6                0.7     5.3        0
DAYS MAX <= 32     0                0.0     0.0        0
DAYS MIN <= 32     0                0.0     0.0        0
DAYS MIN <= 0      0                0.0     0.0        0

PRECIPITATION (INCHES)
TOTALS          2.90               3.86   -0.96     4.24
DAILY AVG.      0.09                                0.14
DAYS >= .01       11                                  12
DAYS >= .10        6                                   9
DAYS >= .50        1                                   3
DAYS >= 1.00       1                                   1
GREATEST
 24 HR. TOTAL   1.40   08/04 TO 08/04

DEGREE DAYS
HEATING TOTAL      5                 37     -32       10
 SINCE 7/1        12                 58     -46       29
COOLING TOTAL    210                107     103      197
 SINCE 1/1       497                332     165      482
................................................................

WIND (MPH)
AVERAGE WIND SPEED              2.8
HIGHEST WIND SPEED/DIRECTION    26/280    DATE  08/04
HIGHEST GUST SPEED/DIRECTION    41/260    DATE  08/04

SKY COVER
AVERAGE SKY COVER           0.40

AVERAGE RH (PERCENT)     74

WEATHER CONDITIONS. NUMBER OF DAYS WITH
THUNDERSTORM              6     MIXED PRECIP               0
HEAVY RAIN                4     RAIN                       5
LIGHT RAIN               13     FREEZING RAIN              0
LT FREEZING RAIN          0     HAIL                       0
HEAVY SNOW                0     SNOW                       0
LIGHT SNOW                0     SLEET                      0
FOG                      21     FOG W/VIS <= 1/4 MILE      4
HAZE                      7

-  INDICATES NEGATIVE NUMBERS.
R  INDICATES RECORD WAS SET OR TIED.
MM INDICATES DATA IS MISSING.
T  INDICATES TRACE AMOUNT.

$$
