000
CXUS55 KBOU 011610 RRA
CLMDEN

CLIMATE REPORT
NATIONAL WEATHER SERVICE
1006 AM MDT THU SEP 01 2022

...................................

...THE DENVER CO CLIMATE SUMMARY FOR THE MONTH OF AUGUST 2022...

CLIMATE NORMAL PERIOD 1991 TO 2020
CLIMATE RECORD PERIOD 1872 TO 2022

WEATHER         OBSERVED          NORMAL  DEPART   LAST YEAR`S
                VALUE   DATE(S)   VALUE   FROM     VALUE DATE(S)
                                          NORMAL
................................................................
TEMPERATURE (F)
RECORD
 HIGH            105   08/08/1878
 LOW              40   08/26/1910
                       08/25/1910
                       08/24/1910
HIGHEST          101   08/05
LOWEST            55   08/20
AVG. MAXIMUM    90.3               87.5     2.8     90.6
AVG. MINIMUM    61.9               58.3     3.6     60.2
MEAN            76.1               72.9     3.2     75.4
DAYS MAX >= 90    19               13.8     5.2       18
DAYS MAX <= 32     0                0.0     0.0        0
DAYS MIN <= 32     0                0.0     0.0        0
DAYS MIN <= 0      0                0.0     0.0        0

PRECIPITATION (INCHES)
RECORD
 MAXIMUM        5.85   1979
 MINIMUM        0.02   1924
TOTALS          1.45               1.58   -0.13     0.27
DAILY AVG.      0.05               0.05   -0.00     0.01
DAYS >= .01        6                7.5    -1.5        4
DAYS >= .10        3                3.6    -0.6        1
DAYS >= .50        1                1.0     0.0        0
DAYS >= 1.00       1                0.2     0.8        0
GREATEST
 24 HR. TOTAL   1.14   08/21 TO 08/21               0.18  08/19 TO 08/19

DEGREE DAYS
HEATING TOTAL      0                  9      -9        0
 SINCE 7/1         0                  8      -8       MM
COOLING TOTAL    352                254      98      328
 SINCE 1/1       990                743     247       MM

FREEZE DATES
RECORD
 EARLIEST     09/08/1962
 LATEST       06/08/2007
EARLIEST                        MM
LATEST                          05/21
................................................................

WIND (MPH)
AVERAGE WIND SPEED              9.9
RESULTANT WIND SPEED/DIRECTION   3/190
HIGHEST WIND SPEED/DIRECTION    37/180    DATE  08/04
HIGHEST GUST SPEED/DIRECTION    53/200    DATE  08/28

SKY COVER
POSSIBLE SUNSHINE (PERCENT)   MM
AVERAGE SKY COVER           0.47
NUMBER OF DAYS FAIR            7
NUMBER OF DAYS PC             22
NUMBER OF DAYS CLOUDY          2


WEATHER CONDITIONS. NUMBER OF DAYS WITH
THUNDERSTORM              9     MIXED PRECIP               0
HEAVY RAIN                1     RAIN                       2
LIGHT RAIN               10     FREEZING RAIN              0
LT FREEZING RAIN          0     HAIL                       0
HEAVY SNOW                0     SNOW                       0
LIGHT SNOW                0     SLEET                      0
FOG                       4     FOG W/VIS <= 1/4 MILE      1
HAZE                      3

-  INDICATES NEGATIVE NUMBERS.
R  INDICATES RECORD WAS SET OR TIED.
MM INDICATES DATA IS MISSING.
T  INDICATES TRACE AMOUNT.

$$
