000
CXUS56 KOTX 011200
CLMDEW

CLIMATE REPORT
NATIONAL WEATHER SERVICE SPOKANE WA
500 AM PDT THU SEP 01 2022

...................................

...THE DEER_PARK WA AIRPORT CLIMATE SUMMARY FOR THE MONTH OF AUGUST 2022...

CLIMATE NORMAL PERIOD 1991 TO 2020
CLIMATE RECORD PERIOD 9999 TO 9999

WEATHER         OBSERVED          NORMAL  DEPART   LAST YEAR`S
                VALUE   DATE(S)   VALUE   FROM     VALUE DATE(S)
                                          NORMAL
................................................................
TEMPERATURE (F)
RECORD
 HIGH            105   08/10/2018
 LOW              31   08/29/2010
HIGHEST          102   08/18         MM      MM       99  08/11
LOWEST            38   08/28         MM      MM       36  08/24
AVG. MAXIMUM    90.9               84.2     6.7     83.5
AVG. MINIMUM    51.0               46.8     4.2     50.9
MEAN            70.9               65.5     5.4     67.2
DAYS MAX >= 90    20                8.8    11.2        9
DAYS MAX <= 32     0                0.0     0.0        0
DAYS MIN <= 32     0                0.1    -0.1        0
DAYS MIN <= 0      0                0.0     0.0        0

PRECIPITATION (INCHES)
RECORD
 MAXIMUM        2.54   2004
 MINIMUM        0.02   2017
TOTALS          0.13               0.73   -0.60     0.78
DAILY AVG.      0.00               0.02   -0.02     0.03
DAYS >= .01        2                4.1    -2.1        5
DAYS >= .10        1                1.7    -0.7        1
DAYS >= .50        0                0.3    -0.3        1
DAYS >= 1.00       0                0.1    -0.1        0
GREATEST
 24 HR. TOTAL   0.10   08/25 TO 08/25               0.63


DEGREE DAYS
HEATING TOTAL     16                 66     -50       63
 SINCE 7/1        25                124     -99       MM
COOLING TOTAL    209                 81     128      139
 SINCE 1/1       358                202     156       MM
................................................................

WIND (MPH)
AVERAGE WIND SPEED              5.3
HIGHEST WIND SPEED/DIRECTION    26/200    DATE  08/04
                                26/200          08/03
                                26/030          08/25
HIGHEST GUST SPEED/DIRECTION    34/030    DATE  08/25

SKY COVER
POSSIBLE SUNSHINE (PERCENT)   MM
AVERAGE SKY COVER           0.05
NUMBER OF DAYS FAIR           30
NUMBER OF DAYS PC              1
NUMBER OF DAYS CLOUDY          0

AVERAGE RH (PERCENT)     48

WEATHER CONDITIONS. NUMBER OF DAYS WITH
THUNDERSTORM              6     MIXED PRECIP               0
HEAVY RAIN                0     RAIN                       0
LIGHT RAIN                2     FREEZING RAIN              0
LT FREEZING RAIN          0     HAIL                       0
HEAVY SNOW                0     SNOW                       0
LIGHT SNOW                0     SLEET                      0
FOG                       1     FOG W/VIS <= 1/4 MILE      1
HAZE                      2

-  INDICATES NEGATIVE NUMBERS.
R  INDICATES RECORD WAS SET OR TIED.
MM INDICATES DATA IS MISSING.
T  INDICATES TRACE AMOUNT.

$$
