000
CXUS54 KFWD 010738
CLMDFW

CLIMATE REPORT
NATIONAL WEATHER SERVICE FORT WORTH TX
238 AM CDT THU SEP 01 2022

...................................

...THE DALLAS/FORT WORTH CLIMATE SUMMARY FOR THE MONTH OF AUGUST 2022...

CLIMATE NORMAL PERIOD 1991 TO 2020
CLIMATE RECORD PERIOD 1898 TO 2022

WEATHER         OBSERVED          NORMAL  DEPART   LAST YEAR`S
                VALUE   DATE(S)   VALUE   FROM     VALUE DATE(S)
                                          NORMAL
................................................................
TEMPERATURE (F)
RECORD
 HIGH            112   08/11/1936
                       08/18/1909
 LOW              55   08/31/1915
HIGHEST          104   08/03        103       1      100  08/01
                       08/05
                                                          08/31
LOWEST            72   08/22         67       5       71  08/14
AVG. MAXIMUM    96.2               95.8     0.4     94.3
AVG. MINIMUM    77.4               75.7     1.7     75.9
MEAN            86.8               85.7     1.1     85.1
DAYS MAX >= 90    27               27.6    -0.6       28
DAYS MAX <= 32     0                0.0     0.0        0
DAYS MAX >= 100   11                                   2
DAYS MIN <= 32     0                0.0     0.0        0
DAYS MIN <= 0      0                0.0     0.0        0
DAYS MIN >= 80    11                                   1

PRECIPITATION (INCHES)
RECORD
 MAXIMUM       10.33   1915
 MINIMUM        0.00   2000
TOTALS         10.68               2.18    8.50     4.82
DAILY AVG.      0.34               0.07    0.27     0.16
DAYS >= .01        7                5.2     1.8        7
DAYS >= .10        7                3.2     3.8        7
DAYS >= .50        2                1.5     0.5        3
DAYS >= 1.00       2                0.5     1.5        3
GREATEST
 24 HR. TOTAL   9.19   08/21 TO 08/22               2.02

DEGREE DAYS
HEATING TOTAL      0                  0       0        0
 SINCE 7/1         0                  0       0       MM
COOLING TOTAL    682                643      39      629
 SINCE 1/1      2775               2228     547       MM
................................................................

WIND (MPH)
AVERAGE WIND SPEED              9.0
HIGHEST WIND SPEED/DIRECTION    30/190    DATE  08/01
HIGHEST GUST SPEED/DIRECTION    38/190    DATE  08/01
                                38/180          08/21

SKY COVER
POSSIBLE SUNSHINE (PERCENT)   MM
AVERAGE SKY COVER           0.53
NUMBER OF DAYS FAIR           10
NUMBER OF DAYS PC             13
NUMBER OF DAYS CLOUDY          8

AVERAGE RH (PERCENT)     58

WEATHER CONDITIONS. NUMBER OF DAYS WITH
THUNDERSTORM              8     MIXED PRECIP               0
HEAVY RAIN                7     RAIN                       6
LIGHT RAIN               10     FREEZING RAIN              0
LT FREEZING RAIN          0     HAIL                       0
HEAVY SNOW                0     SNOW                       0
LIGHT SNOW                0     SLEET                      0
FOG                       5     FOG W/VIS <= 1/4 MILE      0
HAZE                      2

-  INDICATES NEGATIVE NUMBERS.
R  INDICATES RECORD WAS SET OR TIED.
MM INDICATES DATA IS MISSING.
T  INDICATES TRACE AMOUNT.

$$
