000
CXUS53 KDDC 011536
CLMDGC

CLIMATE REPORT
NATIONAL WEATHER SERVICE DODGE CITY, KANSAS
1036 AM CDT THU SEP 01 2022

...................................

...THE DODGE CITY KS CLIMATE SUMMARY FOR THE MONTH OF AUGUST 2022...

CLIMATE NORMAL PERIOD 1991 TO 2020
CLIMATE RECORD PERIOD 1875 TO 2022

WEATHER         OBSERVED          NORMAL  DEPART   LAST YEAR`S
                VALUE   DATE(S)   VALUE   FROM     VALUE DATE(S)
                                          NORMAL
................................................................
TEMPERATURE (F)
RECORD
 HIGH            109   08/13/1936
                       08/12/1936
 LOW              43   08/30/1915
HIGHEST          105   08/03         91      14      105  08/24
LOWEST            57   08/18         66      -9       54  08/02
AVG. MAXIMUM    95.8               91.4     4.4     94.3
AVG. MINIMUM    65.8               64.7     1.1     65.6
MEAN            80.8               78.1     2.7     80.0
DAYS MAX >= 90    26               18.8     7.2       22
DAYS MAX <= 32     0                0.0     0.0        0
DAYS MIN <= 32     0                0.0     0.0        0
DAYS MIN <= 0      0                0.0     0.0        0

PRECIPITATION (INCHES)
RECORD
 MAXIMUM        7.44   1977
 MINIMUM        0.15
TOTALS          0.32               2.99   -2.67     1.22
DAYS >= .01        4                8.5    -4.5        6
DAYS >= .10        1                5.1    -4.1        4
DAYS >= .50        0                1.9    -1.9        1
DAYS >= 1.00       0                0.7    -0.7        0
GREATEST
 24 HR. TOTAL   0.28   08/19 TO 08/20               0.63  08/07 TO 08/07

SNOWFALL (INCHES)
RECORDS
 TOTAL           0.0   2022
 24 HR TOTAL     0.0   08/31/2022 TO 08/31/2022
 SNOW DEPTH        0   08/31/2022
TOTALS           0.0                0.0     0.0      0.0
SINCE 7/1        0.0                0.0     0.0      0.0
SNOWDEPTH AVG.     0                                   0
DAYS >= 1.0        0                0.0     0.0        0
GREATEST
 SNOW DEPTH        0   08/31                           0
 24 HR TOTAL     0.0   08/31 TO 08/31                0.0

DEGREE DAYS
HEATING TOTAL      0                  2      -2        0
 SINCE 7/1         0                  1      -1        0
COOLING TOTAL    497                406      91      471
 SINCE 1/1      1692               1312     380     1406
................................................................

WIND (MPH)
AVERAGE WIND SPEED              10.0
RESULTANT WIND SPEED/DIRECTION   5/160
HIGHEST WIND SPEED/DIRECTION    37/130    DATE  08/29
HIGHEST GUST SPEED/DIRECTION    50/010    DATE  08/19
                                50/120          08/29

SKY COVER
POSSIBLE SUNSHINE (PERCENT)   MM
AVERAGE SKY COVER           0.09
NUMBER OF DAYS FAIR           29
NUMBER OF DAYS PC              2
NUMBER OF DAYS CLOUDY          0

AVERAGE RH (PERCENT)     54

WEATHER CONDITIONS. NUMBER OF DAYS WITH
THUNDERSTORM              3     MIXED PRECIP               0
HEAVY RAIN                1     RAIN                       1
LIGHT RAIN                4     FREEZING RAIN              0
LT FREEZING RAIN          0     HAIL                       0
HEAVY SNOW                0     SNOW                       0
LIGHT SNOW                0     SLEET                      0
FOG                      10     FOG W/VIS <= 1/4 MILE      0
HAZE                     21

-  INDICATES NEGATIVE NUMBERS.
R  INDICATES RECORD WAS SET OR TIED.
MM INDICATES DATA IS MISSING.
T  INDICATES TRACE AMOUNT.

$$
