000
CXUS55 KCYS 011529
CLMDGW

CLIMATE REPORT
NATIONAL WEATHER SERVICE CHEYENNE WY
929 AM MDT SAT OCT 01 2022

...................................

...THE CONVERSE CO (DOUGLAS) WY ARPT CLIMATE SUMMARY FOR THE MONTH OF SEPTEMBER 2022...

CLIMATE NORMAL PERIOD 1991 TO 2020
CLIMATE RECORD PERIOD 1998 TO 2022

WEATHER         OBSERVED          NORMAL  DEPART   LAST YEAR`S
                VALUE   DATE(S)   VALUE   FROM     VALUE DATE(S)
                                          NORMAL
................................................................
TEMPERATURE (F)
RECORD
 HIGH            101   09/04/2022
 LOW              14   09/25/2000
HIGHEST          101R  09/04         MM      MM       98
LOWEST            33   09/25         MM      MM       32
AVG. MAXIMUM    80.7               76.6     4.1     81.7
AVG. MINIMUM    45.3               42.6     2.7     43.6
MEAN            63.0               59.6     3.4     62.7
DAYS MAX >= 90     7                3.8     3.2        5
DAYS MAX <= 32     0                0.0     0.0        0
DAYS MIN <= 32     0                2.7    -2.7        2
DAYS MIN <= 0      0                0.0     0.0        0

PRECIPITATION (INCHES)
RECORD
 MAXIMUM        0.86   2021
TOTALS          0.74R              0.97   -0.23     0.86
DAYS >= .01        8                7.2     0.8        4
DAYS >= .10        3                3.0     0.0        2
DAYS >= .50        0                0.4    -0.4        1
DAYS >= 1.00       0                0.0     0.0        0
GREATEST
 24 HR. TOTAL   0.30   09/09 TO 09/09               0.69  09/19 TO 09/20


DEGREE DAYS
HEATING TOTAL    130                197     -67      107
 SINCE 7/1       130                233    -103       MM
COOLING TOTAL     81                 35      46       47
 SINCE 1/1       713                512     201       MM
................................................................

WIND (MPH)
AVERAGE WIND SPEED              8.0
HIGHEST WIND SPEED/DIRECTION    40/020    DATE  09/08
HIGHEST GUST SPEED/DIRECTION    56/360    DATE  09/08

SKY COVER
POSSIBLE SUNSHINE (PERCENT)   MM
AVERAGE SKY COVER           0.20
NUMBER OF DAYS FAIR           22
NUMBER OF DAYS PC              5
NUMBER OF DAYS CLOUDY          2

AVERAGE RH (PERCENT)     54

WEATHER CONDITIONS. NUMBER OF DAYS WITH
THUNDERSTORM              2     MIXED PRECIP               0
HEAVY RAIN                0     RAIN                       3
LIGHT RAIN                7     FREEZING RAIN              0
LT FREEZING RAIN          0     HAIL                       0
HEAVY SNOW                0     SNOW                       0
LIGHT SNOW                0     SLEET                      0
FOG                       6     FOG W/VIS <= 1/4 MILE      2
HAZE                      8

-  INDICATES NEGATIVE NUMBERS.
R  INDICATES RECORD WAS SET OR TIED.
MM INDICATES DATA IS MISSING.
T  INDICATES TRACE AMOUNT.

$$
