000
CXUS52 KTAE 011341
CLMDHN

CLIMATE REPORT
NATIONAL WEATHER SERVICE TALLAHASSEE FL
941 AM EDT SAT OCT 01 2022

...................................

...THE DOTHAN CLIMATE SUMMARY FOR THE MONTH OF SEPTEMBER 2022...

CLIMATE NORMAL PERIOD 1991 TO 2020
CLIMATE RECORD PERIOD 1965 TO 2022

WEATHER         OBSERVED          NORMAL  DEPART   LAST YEAR`S
                VALUE   DATE(S)   VALUE   FROM     VALUE DATE(S)
                                          NORMAL
................................................................
TEMPERATURE (F)
RECORD
 HIGH             MM   MM
 LOW              51   09/30/2016
                       09/25/2012
                       01/01/2000
HIGHEST           97   09/22          9      88       91  09/01
                                                          09/07
                                                          09/21
LOWEST            54   09/29         MM      MM       53  09/24
AVG. MAXIMUM    88.3               88.4    -0.1     86.7
AVG. MINIMUM    66.0               67.3    -1.3     67.0
MEAN            77.2               77.9    -0.8     76.9
DAYS MAX >= 90    13               13.0     0.0        8
DAYS MAX <= 32     0                0.0     0.0        0
DAYS MIN <= 32     0                0.0     0.0        0
DAYS MIN <= 0      0                0.0     0.0        0

PRECIPITATION (INCHES)
TOTALS          1.32R              3.27   -1.95     2.54

SNOWFALL (INCHES)
TOTALS           0.0                 MM      MM       MM
SINCE 7/1         MM                 MM      MM       MM

DEGREE DAYS
HEATING TOTAL      0                  1      -1        0
 SINCE 7/1         0                  0       0       MM
COOLING TOTAL    373                387     -14      364
 SINCE 1/1      2559               2472      87       MM
................................................................

WIND (MPH)
AVERAGE WIND SPEED              5.6
RESULTANT WIND SPEED/DIRECTION   3/040
HIGHEST WIND SPEED/DIRECTION    26/300    DATE  09/12
HIGHEST GUST SPEED/DIRECTION    32/310    DATE  09/12
                                32/050          09/28

SKY COVER
POSSIBLE SUNSHINE (PERCENT)   MM
AVERAGE SKY COVER           0.22
NUMBER OF DAYS FAIR           20
NUMBER OF DAYS PC              9
NUMBER OF DAYS CLOUDY          1

AVERAGE RH (PERCENT)     70

WEATHER CONDITIONS. NUMBER OF DAYS WITH
THUNDERSTORM              5     MIXED PRECIP               0
HEAVY RAIN                2     RAIN                       0
LIGHT RAIN                8     FREEZING RAIN              0
LT FREEZING RAIN          0     HAIL                       0
HEAVY SNOW                0     SNOW                       0
LIGHT SNOW                0     SLEET                      0
FOG                      12     FOG W/VIS <= 1/4 MILE      2
HAZE                      3

-  INDICATES NEGATIVE NUMBERS.
R  INDICATES RECORD WAS SET OR TIED.
MM INDICATES DATA IS MISSING.
T  INDICATES TRACE AMOUNT.

$$
