000
CXUS54 KAMA 011544
CLMDHT

CLIMATE REPORT
NATIONAL WEATHER SERVICE AMARILLO
1044 AM CDT SAT OCT 01 2022

...................................

...THE DALHART CLIMATE SUMMARY FOR THE MONTH OF SEPTEMBER 2022...

CLIMATE NORMAL PERIOD: 1991 TO 2020
CLIMATE RECORD PERIOD: 1948 TO 2022

WEATHER         OBSERVED          NORMAL  DEPART   LAST YEAR`S
                VALUE   DATE(S)   VALUE   FROM     VALUE DATE(S)
                                          NORMAL
................................................................
TEMPERATURE (F)
RECORD
 HIGH            103   09/05/1995
 LOW              27   09/30/1985
HIGHEST           97   09/02                         100  09/10
                                                          09/11
LOWEST            47   09/12                          42  09/22
AVG. MAXIMUM    89.4               84.2     5.2     88.5
AVG. MINIMUM    55.6               54.9     0.7     56.1
MEAN            72.5               69.5     3.0     72.3
DAYS MAX >= 90    18                8.7     9.3       15
DAYS MAX <= 32     0                0.0     0.0        0
DAYS MIN <= 32     0                0.1    -0.1        0
DAYS MIN <= 0      0                0.0     0.0        0

PRECIPITATION (INCHES)
TOTALS          0.45               1.29   -0.84     0.45
DAILY AVG.      0.02               0.04   -0.02     0.02
DAYS >= .01        3                5.1    -2.1        5
DAYS >= .10        1                2.8    -1.8        1
DAYS >= .50        0                0.7    -0.7        0
DAYS >= 1.00       0                0.3    -0.3        0
GREATEST
 24 HR. TOTAL   0.42   09/03 TO 09/03

SNOWFALL (INCHES)
TOTALS            MM                0.0      MM      0.0
SINCE 7/1         MM                0.0      MM       MM
DAYS >= TRACE      0                0.0     0.0
DAYS >= 1.0        0                0.0     0.0        0
GREATEST
 SNOW DEPTH       MM
 24 HR TOTAL      MM

DEGREE DAYS
HEATING TOTAL      9                 39     -30       10
 SINCE 7/1         9                 37     -28       MM
COOLING TOTAL    244                176      68      236
 SINCE 1/1      1636               1383     253       MM
................................................................

WIND (MPH)
AVERAGE WIND SPEED              10.7
HIGHEST WIND SPEED/DIRECTION    37/050    DATE  09/02
                                37/030          09/03
HIGHEST GUST SPEED/DIRECTION    49/050    DATE  09/02

SKY COVER
POSSIBLE SUNSHINE (PERCENT)   MM
NUMBER OF DAYS FAIR           27
NUMBER OF DAYS PC              2
NUMBER OF DAYS CLOUDY          1

AVERAGE RH (PERCENT)     53

WEATHER CONDITIONS. NUMBER OF DAYS WITH
THUNDERSTORM              2     MIXED PRECIP               0
HEAVY RAIN                1     RAIN                       1
LIGHT RAIN                5     FREEZING RAIN              0
LT FREEZING RAIN          0     HEAVY SNOW                 0
SNOW                      0     LIGHT SNOW                 0
SLEET                     0     FOG                        6
FOG W/VIS <= 1/4 MILE     0     HAZE                      11

-  INDICATES NEGATIVE NUMBERS.
R  INDICATES RECORD WAS SET OR TIED.
MM INDICATES DATA IS MISSING.
T  INDICATES TRACE AMOUNT.

$$
