000
CXUS53 KEAX 010639 RRB
CLMDMO

STLCLMWK3 000
TTAA00 EAX 010636

CLIMATE REPORT
NATIONAL WEATHER SERVICE KANSAS CITY/PLEASANT HILL MO
136 AM CDT SAT OCT 01 2022

...................................

...THE SEDALIA MO CLIMATE SUMMARY FOR THE MONTH OF SEPTEMBER 2022...

CLIMATE NORMAL PERIOD: 1991 TO 2020
CLIMATE RECORD PERIOD: 9999 TO 9999

WEATHER         OBSERVED          NORMAL  DEPART   LAST YEAR`S
                VALUE   DATE(S)   VALUE   FROM     VALUE DATE(S)
                                          NORMAL
................................................................
TEMPERATURE (F)
HIGHEST           97   09/21         92       5       92  09/17
LOWEST            42   09/29         38       4       46  09/23
                       09/30
AVG. MAXIMUM    83.2               78.7     4.5     85.3
AVG. MINIMUM    58.4               56.9     1.5     61.7
MEAN            70.8               67.8     3.0     73.5
DAYS MAX >= 90     4                3.9     0.1        5
DAYS MAX <= 32     0                0.0     0.0        0
DAYS MIN <= 32     0                0.0     0.0        0
DAYS MIN <= 0      0                0.0     0.0        0

PRECIPITATION (INCHES)
TOTALS          1.27R              3.01   -1.74     1.64
DAILY AVG.      0.04               0.10   -0.06     0.05
DAYS >= .01        5                8.2    -3.2        4
DAYS >= .10        3                4.7    -1.7        2
DAYS >= .50        1                2.2    -1.2        2
DAYS >= 1.00       0                1.0    -1.0        0
GREATEST
 24 HR. TOTAL   1.02   09/10 TO 09/11


DEGREE DAYS
HEATING TOTAL     30                 56     -26        8
 SINCE 7/1        30                 59     -29       MM
COOLING TOTAL    212                140      72      273
 SINCE 1/1      1634               1236     398       MM
................................................................

WIND (MPH)
AVERAGE WIND SPEED              7.2
HIGHEST WIND SPEED/DIRECTION    25/350    DATE  09/21
HIGHEST GUST SPEED/DIRECTION    36/340    DATE  09/21

SKY COVER
POSSIBLE SUNSHINE (PERCENT)   MM
AVERAGE SKY COVER           0.15
NUMBER OF DAYS FAIR           26
NUMBER OF DAYS PC              4
NUMBER OF DAYS CLOUDY          0

AVERAGE RH (PERCENT)     62

WEATHER CONDITIONS. NUMBER OF DAYS WITH
THUNDERSTORM              1     MIXED PRECIP               0
HEAVY RAIN                1     RAIN                       1
LIGHT RAIN                7     FREEZING RAIN              0
LT FREEZING RAIN          0     HAIL                       0
HEAVY SNOW                0     SNOW                       0
LIGHT SNOW                0     SLEET                      0
FOG                       9     FOG W/VIS <= 1/4 MILE      3
HAZE                      1

-  INDICATES NEGATIVE NUMBERS.
R  INDICATES RECORD WAS SET OR TIED.
MM INDICATES DATA IS MISSING.
T  INDICATES TRACE AMOUNT.

$$
