000
CXUS52 KCAE 011724
CLMDNL

CLIMATE REPORT
NATIONAL WEATHER SERVICE COLUMBIA SC
124 PM EDT THU SEP 01 2022

...................................

...THE AUGUSTA DANIEL FIELD GA CLIMATE SUMMARY FOR THE MONTH OF AUGUST 2022...

CLIMATE NORMAL PERIOD: 1991 TO 2020
CLIMATE RECORD PERIOD: 9999 TO 9999

WEATHER         OBSERVED          NORMAL  DEPART   LAST YEAR`S
                VALUE   DATE(S)   VALUE   FROM     VALUE
                                          NORMAL
..............................................................
TEMPERATURE (F)
HIGHEST           97   08/01         MM      MM
LOWEST            69   08/14         MM      MM
AVG. MAXIMUM    89.3               91.9    -2.6
AVG. MINIMUM    72.7               73.3    -0.6
MEAN            81.0               82.6    -1.6
DAYS MAX >= 90    17               20.2    -3.2
DAYS MAX <= 32     0                0.0     0.0
DAYS MIN <= 32     0                0.0     0.0
DAYS MIN <= 0      0                0.0     0.0

PRECIPITATION (INCHES)
TOTALS          3.58R              5.02   -1.44
DAYS >= .01       13               10.7     2.3
DAYS >= .10        7                6.9     0.1
DAYS >= .50        3                3.4    -0.4
DAYS >= 1.00       1                1.6    -0.6
GREATEST
 24 HR. TOTAL   1.73   08/25 TO 08/25

DAYS >= TRACE     MM

DEGREE DAYS
HEATING TOTAL      0                  0       0
 SINCE 7/1         0                  0       0
COOLING TOTAL    502                546     -44
 SINCE 1/1      2228               2095     133
..............................................................

WIND (MPH)
AVERAGE WIND SPEED              4.3
RESULTANT WIND SPEED/DIRECTION   1/130
HIGHEST WIND SPEED/DIRECTION    24/140    DATE  08/05
HIGHEST GUST SPEED/DIRECTION    35/310    DATE  08/01
                                35/130          08/05

SKY COVER
POSSIBLE SUNSHINE (PERCENT)   MM
AVERAGE SKY COVER           0.33
NUMBER OF DAYS FAIR           20
NUMBER OF DAYS PC              7
NUMBER OF DAYS CLOUDY          4

AVERAGE RH (PERCENT)     73

WEATHER CONDITIONS. NUMBER OF DAYS WITH
THUNDERSTORM             13     MIXED PRECIP               0
HEAVY RAIN                5     RAIN                       4
LIGHT RAIN               19     FREEZING RAIN              0
LT FREEZING RAIN          0     HAIL                       0
HEAVY SNOW                0     SNOW                       0
LIGHT SNOW                0     SLEET                      0
FOG                      11     FOG W/VIS <= 1/4 MILE      1
HAZE                      2

-  INDICATES NEGATIVE NUMBERS.
R  INDICATES RECORD WAS SET OR TIED.
MM INDICATES DATA IS MISSING.
T  INDICATES TRACE AMOUNT.

$$
