000
CXUS55 KGJT 011723
CLMDRO

CLIMATE REPORT
NATIONAL WEATHER SERVICE GRAND JUNCTION CO
1123 AM MDT SAT OCT 01 2022

...................................

...THE DURANGO AIRPORT CO CLIMATE SUMMARY FOR THE MONTH OF SEPTEMBER 2022...

CLIMATE NORMAL PERIOD 1991 TO 2020
CLIMATE RECORD PERIOD 9999 TO 9999

WEATHER         OBSERVED          NORMAL  DEPART   LAST YEAR`S
                VALUE   DATE(S)   VALUE   FROM     VALUE DATE(S)
                                          NORMAL
................................................................
TEMPERATURE (F)
HIGHEST           95   09/05         MM      MM       92  09/09
LOWEST            40   09/18         MM      MM       31  09/22
AVG. MAXIMUM    80.3               76.6     3.7     79.8
AVG. MINIMUM    47.6               42.5     5.1     44.7
MEAN            64.0               59.5     4.5     62.3
DAYS MAX >= 90     6                0.4     5.6        3
DAYS MAX <= 32     0                0.0     0.0        0
DAYS MIN <= 32     0                1.8    -1.8        2
DAYS MIN <= 0      0                0.0     0.0        0

PRECIPITATION (INCHES)
TOTALS          2.32               1.99    0.33     2.10
DAILY AVG.      0.08               0.07    0.01     0.07
DAYS >= .01        8                7.2     0.8        8
DAYS >= .10        5                3.8     1.2        4
DAYS >= .50        1                1.1    -0.1        2
DAYS >= 1.00       1                0.3     0.7        0
GREATEST
 24 HR. TOTAL   1.48   09/21 TO 09/22               0.74

SNOWFALL (INCHES)
TOTALS            MM                 MM      MM       MM
SINCE 7/1         MM                 MM      MM       MM
SNOWDEPTH AVG.    MM                                  MM
DAYS >= 1.0       MM                 MM      MM       MM
GREATEST
 SNOW DEPTH       MM                                  MM  MM
 24 HR TOTAL      MM                                  MM

DEGREE DAYS
HEATING TOTAL     78                174     -96      107
 SINCE 7/1        79                198    -119      110
COOLING TOTAL     54                 10      44       30
 SINCE 1/1       511                290     221      455
................................................................

WIND (MPH)
AVERAGE WIND SPEED              4.9
HIGHEST WIND SPEED/DIRECTION    28/330    DATE  09/06
                                28/350          09/09
HIGHEST GUST SPEED/DIRECTION    40/340    DATE  09/06

SKY COVER
POSSIBLE SUNSHINE (PERCENT)   MM
AVERAGE SKY COVER           0.20
NUMBER OF DAYS FAIR           26
NUMBER OF DAYS PC              2
NUMBER OF DAYS CLOUDY          2

AVERAGE RH (PERCENT)     55

WEATHER CONDITIONS. NUMBER OF DAYS WITH
THUNDERSTORM             10     MIXED PRECIP               0
HEAVY RAIN                5     RAIN                       5
LIGHT RAIN               13     FREEZING RAIN              0
LT FREEZING RAIN          0     HAIL                       0
HEAVY SNOW                0     SNOW                       0
LIGHT SNOW                0     SLEET                      0
FOG                       7     FOG W/VIS <= 1/4 MILE      1
HAZE                      6

-  INDICATES NEGATIVE NUMBERS.
R  INDICATES RECORD WAS SET OR TIED.
MM INDICATES DATA IS MISSING.
T  INDICATES TRACE AMOUNT.

$$
