000
CXUS54 KEWX 231249
CLMDRT

CLIMATE REPORT
NATIONAL WEATHER SERVICE AUSTIN/SAN ANTONIO
134 PM CDT THU SEP 01 2022

...................................

...THE DEL RIO CLIMATE SUMMARY FOR THE MONTH OF AUGUST 2022...

CLIMATE NORMAL PERIOD: 1991 TO 2020
CLIMATE RECORD PERIOD: 1906 TO 2022

WEATHER         OBSERVED          NORMAL  DEPART   LAST YEAR`S
                VALUE   DATE(S)   VALUE   FROM     VALUE DATE(S)
                                          NORMAL
................................................................
TEMPERATURE (F)
HIGHEST          105   08/03                         105  08/01
                       08/04
                                                          08/31
LOWEST            71   08/26                          74  08/31
                       08/30
                       08/31
AVG. MAXIMUM    96.8               98.8    -2.0     99.3
AVG. MINIMUM    76.8               76.0     0.8     78.3
MEAN            86.8               87.4    -0.6     88.8
DAYS MAX >= 90    25                                  30
DAYS MAX <= 32     0                                   0
DAYS MIN <= 32     0                                   0
DAYS MIN <= 0      0                                   0

PRECIPITATION (INCHES)
TOTALS          7.57               2.69    4.88     2.87
DAILY AVG.      0.24               0.09    0.15     0.09
DAYS >= .01        5                                   6
DAYS >= .10        5                                   3
DAYS >= .50        4                                   1
DAYS >= 1.00       3                                   1
GREATEST
 24 HR. TOTAL   3.19   08/30 TO 08/30

SNOWFALL (INCHES)
TOTALS           0.0                 MM      MM      0.0
SINCE 7/1        0.0                 MM      MM       MM

DEGREE DAYS
HEATING TOTAL      0                  0       0        0
 SINCE 7/1         0                  0       0       MM
COOLING TOTAL    679                694     -15      746
 SINCE 1/1      3394               2832     562       MM
................................................................

WIND (MPH)
AVERAGE WIND SPEED              9.3
HIGHEST WIND SPEED/DIRECTION    25/010    DATE  08/22
HIGHEST GUST SPEED/DIRECTION    MM        DATE   MM

SKY COVER
POSSIBLE SUNSHINE (PERCENT)   MM
AVERAGE SKY COVER           0.25
NUMBER OF DAYS FAIR           22
NUMBER OF DAYS PC              4
NUMBER OF DAYS CLOUDY          2

AVERAGE RH (PERCENT)     58

WEATHER CONDITIONS. NUMBER OF DAYS WITH
THUNDERSTORM              5     MIXED PRECIP               0
HEAVY RAIN                5     RAIN                       4
LIGHT RAIN                5     FREEZING RAIN              0
LT FREEZING RAIN          0     HAIL                       0
HEAVY SNOW                0     SNOW                       0
LIGHT SNOW                0     SLEET                      0
FOG                       4     FOG W/VIS <= 1/4 MILE      0
HAZE                      0

-  INDICATES NEGATIVE NUMBERS.
R  INDICATES RECORD WAS SET OR TIED.
MM INDICATES DATA IS MISSING.
T  INDICATES TRACE AMOUNT.

&&

MONTHLY CLIMATE SUMMARY:
AUGUST 2022 WAS THE 36TH WARMEST AUGUST AND
THE 4TH WETTEST AUGUST SINCE RECORD KEEPING BEGAN.

SEA LEVEL PRESSURE DATA:
HIGHEST SLP 30.07 ON THE 31ST
LOWEST SLP 29.67 ON THE 3RD

PRELIMINARY LOCAL CLIMATOLOGICAL DATA (WS FORM: F-6)

                                          STATION:   DEL RIO
                                          MONTH:     AUGUST
                                          YEAR:      2022
                                          LATITUDE:   29 22 N
                                          LONGITUDE: 100 55 W

  TEMPERATURE IN F:       :PCPN:    SNOW:  WIND      :SUNSHINE: SKY     :PK WND
================================================================================
1   2   3   4   5  6A  6B    7    8   9   10  11  12  13   14  15   16   17  18
                                     12Z  AVG MX 2MIN
DY MAX MIN AVG DEP HDD CDD  WTR  SNW DPTH SPD SPD DIR MIN PSBL S-S WX    SPD DR
================================================================================

 1 100  78  89   1   0  24 0.00  0.0    0 11.2 20 150   M    M   1        29 170
 2 102  80  91   3   0  26 0.00  0.0    0 12.5 22 140   M    M   0        28 140
 3 105  81  93   5   0  28 0.00  0.0    0 13.5 22 150   M    M   0        33 150
 4 105  80  93   5   0  28 0.00  0.0    0 11.9 18 130   M    M   0        30 150
 5 103  79  91   3   0  26 0.00  0.0    0 12.1 21 130   M    M   2        30 130
 6 100  78  89   1   0  24 0.00  0.0    0 12.2 23 120   M    M   1        37 130
 7 101  77  89   1   0  24 0.00  0.0    0 13.3 22 150   M    M   2        32 150
 8 101  78  90   2   0  25 0.00  0.0    0 11.9 21 160   M    M   1        35 130
 9 101  78  90   2   0  25 0.00  0.0    0  8.7 17 140   M    M   0        27 140
10 103  80  92   4   0  27 0.00  0.0    0  9.3 20  40   M    M   0        35  60
11 102  80  91   3   0  26 0.00  0.0    0  7.0 24  60   M    M   0        36  60
12 103  77  90   2   0  25 0.00  0.0    0  5.8 21 130   M    M   2        30 130
13 100  80  90   2   0  25    T  0.0    0  5.8 21 350   M    M   2 3      33 350
14 103  78  91   3   0  26 0.00  0.0    0 11.0 23 110   M    M   3        34  90
15  80  74  77 -11   0  12 1.12  0.0    0 12.5 25  70   M    M   9 13     33  70
16  93  75  84  -4   0  19    T  0.0    0 11.8 16 150   M    M   7        25 100
17  96  76  86  -2   0  21    T  0.0    0  8.1 16 150   M    M   3        23 170
18 100  78  89   1   0  24 0.00  0.0    0  7.5 15  60   M    M   1        22  70
19  99  79  89   2   0  24 0.00  0.0    0  9.8 17 150   M    M   2        24 130
20  98  77  88   1   0  23 0.00  0.0    0 12.3 21 150   M    M   2        30 150
21  94  78  86  -1   0  21 0.00  0.0    0  9.1 18 110   M    M   3        26 100
22  99  73  86  -1   0  21 2.03  0.0    0  7.5 31 170   M    M   1 123    60 180
23  84  74  79  -8   0  14    T  0.0    0  3.7  9 280   M    M  10        13 360
24  86  75  81  -6   0  16    T  0.0    0  4.0 14 150   M    M   6        20 150
25  89  73  81  -5   0  16 0.75  0.0    0  5.9 20 100   M    M   4 13     33  20
26  95  71  83  -3   0  18 0.00  0.0    0  3.9 15 150   M    M   M        17 150
27  96  76  86   0   0  21 0.00  0.0    0  8.6 16 160   M    M   M        22 140
28  97  77  87   1   0  22 0.00  0.0    0 11.4 21 140   M    M   M        28 140
29  97  78  88   2   0  23 0.00  0.0    0  9.0 17 150   M    M   1        23 140
30  87  71  79  -7   0  14 3.19  0.0    0  7.9 22 330   M    M   5 13     34 350
31  81  71  76  -9   0  11 0.48  0.0    0  4.4 20 120   M    M   6 1      29 140
================================================================================
SM 3000 2380         0 679  7.57  0.0    279.9          M       74
================================================================================
AV 96.8 76.8                               9.3 FASTST   M    M   3    MAX(MPH)
                                 MISC ---->    25  10                 44  10
================================================================================
NOTES:
# LAST OF SEVERAL OCCURRENCES

COLUMN 17 PEAK WIND IN M.P.H.

SYMBOLS USED IN COLUMN 16
1 = FOG OR MIST
2 = FOG REDUCING VISIBILITY TO 1/4 MILE OR LESS
3 = THUNDER
4 = ICE PELLETS
5 = HAIL
6 = FREEZING RAIN OR DRIZZLE
7 = DUSTSTORM OR SANDSTORM: VSBY 1/2 MILE OR LESS
8 = SMOKE OR HAZE
9 = BLOWING SNOW
X = TORNADO

$$
