000
CXUS53 KDMX 011751
CLMDSM

CLIMATE REPORT
NATIONAL WEATHER SERVICE DES MOINES IA
1251 PM CDT SAT OCT 01 2022

...................................

...THE DES MOINES IA CLIMATE SUMMARY FOR THE MONTH OF SEPTEMBER 2022...

CLIMATE NORMAL PERIOD 1991 TO 2020
CLIMATE RECORD PERIOD 1878 TO 2022

WEATHER         OBSERVED          NORMAL  DEPART   LAST YEAR`S
                VALUE   DATE(S)   VALUE   FROM     VALUE
                                          NORMAL
..............................................................
TEMPERATURE (F)
RECORD
 HIGH            101   09/09/2013
                       09/07/1939
                       09/03/1939
 LOW              26   09/28/1942
                       09/30/1899
HIGHEST           94   09/20         91       3
LOWEST            40   09/28         38       2
MEAN            67.8               66.2     1.6
DAYS MAX >= 90     1                2.3    -1.3
DAYS MAX <= 32     0                0.0     0.0
DAYS MIN <= 32     0                0.0     0.0
DAYS MIN <= 0      0                0.0     0.0

PRECIPITATION (INCHES)
RECORD
 MAXIMUM       14.81   1914
 MINIMUM        0.15   1882
TOTALS          3.52               3.18    0.34
DAILY AVG.      0.12               0.11    0.01
DAYS >= .01        7
DAYS >= .10        6
DAYS >= .50        3
DAYS >= 1.00       1

SNOWFALL (INCHES)
TOTALS           0.0                0.0     0.0
SINCE 7/1        0.0                0.0     0.0

DEGREE DAYS
HEATING TOTAL     65                 86     -21
 SINCE 7/1        65                 93     -28
COOLING TOTAL    156                120      36
 SINCE 1/1      1316               1055     261
..............................................................

WIND (MPH)
HIGHEST GUST SPEED/DIRECTION    44/200    DATE  09/01


WEATHER CONDITIONS. NUMBER OF DAYS WITH
THUNDERSTORM              6     HAIL                       1
SLEET                     0     FOG                       10
FOG W/VIS <= 1/4 MILE     0     HAZE                       5

-  INDICATES NEGATIVE NUMBERS.
R  INDICATES RECORD WAS SET OR TIED.
MM INDICATES DATA IS MISSING.
T  INDICATES TRACE AMOUNT.

$$
