000
CXUS53 KDTX 031605
CLMDTW

CLIMATE REPORT
NATIONAL WEATHER SERVICE DETROIT/PONTIAC MI
1205 PM EDT MON OCT 03 2022

...................................

...THE DETROIT MI CLIMATE SUMMARY FOR THE MONTH OF SEPTEMBER 2022...

CLIMATE NORMAL PERIOD 1991 TO 2020
CLIMATE RECORD PERIOD 1874 TO 2022

WEATHER         OBSERVED          NORMAL  DEPART   LAST YEAR`S
                VALUE   DATE(S)   VALUE   FROM     VALUE
                                          NORMAL
..............................................................
TEMPERATURE (F)
RECORD
 HIGH            100   09/03/1953
                       09/02/1953
                       09/15/1939
 LOW              29   09/23/1974
HIGHEST           89   09/03         MM      MM
                       09/21
LOWEST            42   09/30         MM      MM
AVG. MAXIMUM    76.3               74.4     1.9
AVG. MINIMUM    57.4               55.5     1.9
MEAN            66.9               64.9     2.0
DAYS MAX >= 90     0                1.2    -1.2
DAYS MAX <= 32     0                0.0     0.0
DAYS MIN <= 32     0                0.0     0.0
DAYS MIN <= 0      0                0.0     0.0

PRECIPITATION (INCHES)
RECORD
 MAXIMUM        7.52   1986
 MINIMUM        0.39   1877
TOTALS          0.99               3.22   -2.23
DAILY AVG.      0.03               0.11   -0.08
DAYS >= .01        6                9.5    -3.5
DAYS >= .10        3                5.9    -2.9
DAYS >= .50        1                2.0    -1.0
DAYS >= 1.00       0                0.6    -0.6
GREATEST
 24 HR. TOTAL   0.52   09/20 TO 09/21
 STORM TOTAL    0.51
 (MM/DD(HH))

SNOWFALL (INCHES)
RECORDS
 TOTAL           0.0   0
TOTALS           0.0                0.0     0.0
 LIQUID EQUIV   0.00               0.00    0.00
SINCE 7/1        0.0                0.0     0.0
 LIQUID 7/1     0.00
DAYS >= TRACE      0                0.0     0.0
DAYS >= 1.0        0                0.0     0.0
GREATEST
 SNOW DEPTH        0
 24 HR TOTAL     0.0
 STORM TOTAL     0.0
 (MM/DD(HH))

DEGREE DAYS
HEATING TOTAL     76                 91     -15
 SINCE 7/1        76                101     -25
COOLING TOTAL    138                 90      48
 SINCE 1/1      1043                837     206

FREEZE DATES
RECORD
 EARLIEST     09/22 (1974)
 LATEST       05/29 (1966)
EARLIEST      11/03 (2021)
LATEST        04/29 (2022)
..............................................................

WIND (MPH)
AVERAGE WIND SPEED              7.1
HIGHEST WIND SPEED/DIRECTION    30/250    DATE  09/26
HIGHEST GUST SPEED/DIRECTION    39/250    DATE  09/26

SKY COVER
POSSIBLE SUNSHINE (PERCENT)   MM
AVERAGE SKY COVER           0.64
NUMBER OF DAYS FAIR            7
NUMBER OF DAYS PC             11
NUMBER OF DAYS CLOUDY         12

AVERAGE RH (PERCENT)     68

WEATHER CONDITIONS. NUMBER OF DAYS WITH
THUNDERSTORM              3     MIXED PRECIP               0
HEAVY RAIN                2     RAIN                       2
LIGHT RAIN               10     FREEZING RAIN              0
LT FREEZING RAIN          0     HAIL                       0
HEAVY SNOW                0     SNOW                       0
LIGHT SNOW                0     SLEET                      0
FOG                      15     FOG W/VIS <= 1/4 MILE      2
HAZE                      6

-  INDICATES NEGATIVE NUMBERS.
R  INDICATES RECORD WAS SET OR TIED.
MM INDICATES DATA IS MISSING.
T  INDICATES TRACE AMOUNT.

$$
---------------------------------------------------------------
MONTHLY CLIMATE DATA FOR NWS WHITE LAKE - SEPTEMBER 2022

...TEMPERATURE DATA...              ...PRECIPITATION DATA...
AVERAGE MAXIMUM.........73.5        MONTHLY TOTAL..........2.47
AVERAGE MINIMUM.........50.9        GREATEST DAILY TOTAL...0.70
MONTHLY AVERAGE.........62.2         ON THE 20TH
                                    2022 TOTAL............22.44
...HEATING DEGREE DAYS...
MONTHLY TOTAL............141        ...SNOWFALL DATA...
2022-2023 SEASON TOTAL...154        MONTHLY TOTAL...........0.0
                                    2022-2023 SEASON TOTAL..0.0
...COOLING DEGREE DAYS...
MONTHLY TOTAL.............65
2022 TOTAL...............605

================================================================
       SOUTHEAST MICHIGAN CLIMATE SUMMARY FOR SEPTEMBER 2022

SEPTEMBER 2022 MONTHLY STATISTICS AND RANKINGS
-----------------------------------------------------------------

PRECIPITATION
                ACTUAL    NORMAL     DEPARTURE     RANKING
DETROIT AREA    0.99"      3.22"      -2.23"     15TH DRIEST
FLINT AREA      1.74"      2.90"      -1.16"     23RD DRIEST
SAGINAW AREA    2.44"      2.81"      -0.37"     48TH DRIEST

PRECIPITATION SINCE JANUARY 1*
                ACTUAL    NORMAL     DEPARTURE     RANKING
DETROIT AREA   19.39"     26.97"      -7.58"     14TH DRIEST
FLINT AREA     19.90"     25.04"      -5.14"     23RD DRIEST
SAGINAW AREA   22.60"     25.08"      -2.48"     56TH DRIEST/WETTEST

      *NORMAL TO DATE (AS OF SEPTEMBER 30, 2022)

AVERAGE TEMPERATURE
                ACTUAL    NORMAL     DEPARTURE     RANKING
DETROIT AREA     66.9      64.9       +2.0       25TH WARMEST
FLINT AREA       63.8      61.7       +2.1       29TH WARMEST
SAGINAW AREA     63.2      62.5       +0.7       32ND WARMEST

AVERAGE HIGH TEMPERATURE
                ACTUAL    NORMAL     DEPARTURE     RANKING
DETROIT AREA     76.3      74.4       +1.9       33RD WARMEST
FLINT AREA       75.2      73.1       +2.1       26TH WARMEST
SAGINAW AREA     72.2      73.3       -1.1       54TH COOLEST

AVERAGE LOW TEMPERATURE
                ACTUAL    NORMAL     DEPARTURE     RANKING
DETROIT AREA     57.4      55.5       +1.9       27TH WARMEST
FLINT AREA       52.4      50.4       +2.0       31ST WARMEST
SAGINAW AREA     54.2      51.6       +2.6       14TH WARMEST


DETROIT AREA HAS A CLIMATE RECORD DATING TO NOVEMBER 1874 (~148 YEARS)
FLINT AREA HAS A CLIMATE RECORD DATING TO JANUARY 1921 (~102 YEARS)
SAGINAW AREA HAS CLIMATE RECORD DATING TO JANUARY 1912 (~111 YEARS)
