000
CXUS55 KVEF 040247
CLMDVF

CLIMATE REPORT
NATIONAL WEATHER SERVICE LAS VEGAS, NV
747 PM PDT SUN SEP 03 2023

...................................

...THE DEATH VALLEY CA CLIMATE SUMMARY FOR THE MONTH OF AUGUST 2023...

CLIMATE NORMAL PERIOD: 1991 TO 2020
CLIMATE RECORD PERIOD: 1911 TO 2023

WEATHER         OBSERVED          NORMAL  DEPART   LAST YEAR`S
                VALUE   DATE(S)   VALUE   FROM     VALUE DATE(S)
                                          NORMAL
................................................................
TEMPERATURE (F)
RECORD
 HIGH            130   08/16/2020
 LOW              65   08/28/1990
                       08/27/1972
                       08/31/1945
HIGHEST          120   08/05                         123  08/31
LOWEST            71   08/20                          75  08/05
AVG. MAXIMUM   112.0              115.9    -3.9    115.6
AVG. MINIMUM    86.6               88.7    -2.1     91.7
MEAN            99.3              102.3    -3.0    103.7
DAYS MAX >= 90    30               31.0    -1.0       31
DAYS MAX >= 100   29                                  30
DAYS MIN <= 32     0                0.0     0.0        0
DAYS MIN >= 80    27                                  30

PRECIPITATION (INCHES)
RECORD
 MAXIMUM        1.89   2022
 MINIMUM        0.00   2021
TOTALS          2.26               0.10    2.16     1.89
DAILY AVG.      0.07               0.00    0.07     0.06
DAYS >= .01        4                0.9     3.1        2
DAYS >= .10        1                0.4     0.6        2
DAYS >= .50        1                0.0     1.0        1
DAYS >= 1.00       1                0.0     1.0        1
GREATEST
 24 HR. TOTAL   2.20   08/20 TO 08/20               1.70

SNOWFALL (INCHES)
RECORDS
 TOTAL            MM
TOTALS           0.0                                 0.0
SINCE 7/1        0.0
DAYS >= TRACE      0
DAYS >= 1.0        0

DEGREE DAYS
HEATING TOTAL      0                  0       0        0
 SINCE 7/1         0                  0       0       MM
COOLING TOTAL   1044               1156    -112     1206
 SINCE 1/1      4430               4662    -232       MM
................................................................



-  INDICATES NEGATIVE NUMBERS.
R  INDICATES RECORD WAS SET OR TIED.
MM INDICATES DATA IS MISSING.
T  INDICATES TRACE AMOUNT.

$$
