000
CXUS53 KDVN 010952
CLMDVN

CLIMATE REPORT
NATIONAL WEATHER SERVICE QUAD CITIES IA IL
452 AM CDT THU SEP 01 2022

...................................

...THE DAVENPORT IA CLIMATE SUMMARY FOR THE MONTH OF AUGUST 2022...

CLIMATE NORMAL PERIOD 1991 TO 2020
CLIMATE RECORD PERIOD 9999 TO 9999

WEATHER         OBSERVED          NORMAL  DEPART   LAST YEAR`S
                VALUE   DATE(S)   VALUE   FROM     VALUE
                                          NORMAL
..............................................................
TEMPERATURE (F)
HIGHEST           90   08/06         83       7
LOWEST            53   08/12         58      -5
AVG. MAXIMUM    81.8               82.0    -0.2
AVG. MINIMUM    61.8               61.5     0.3
MEAN            71.8               71.7     0.1
DAYS MAX >= 90     1
DAYS MAX <= 32     0
DAYS MIN <= 32     0
DAYS MIN <= 0      0

PRECIPITATION (INCHES)
TOTALS          3.51               3.96   -0.45
DAILY AVG.      0.11               0.13   -0.02
DAYS >= .01       10
DAYS >= .10        9
DAYS >= .50        3
DAYS >= 1.00       0
GREATEST
 24 HR. TOTAL   0.95   08/07 TO 08/08

SNOWFALL (INCHES)
TOTALS             T
SINCE 7/1          T
SNOWDEPTH AVG.     0
DAYS >= TRACE      1
DAYS >= 1.0        0
GREATEST
 SNOW DEPTH        0
 24 HR TOTAL      MM

DEGREE DAYS
HEATING TOTAL      2                  8      -6
 SINCE 7/1         2                  7      -5
COOLING TOTAL    222                217       5
 SINCE 1/1       887                771     116
..............................................................

WIND (MPH)
AVERAGE WIND SPEED              7.0
HIGHEST WIND SPEED/DIRECTION    31/270    DATE  08/02
HIGHEST GUST SPEED/DIRECTION    42/300    DATE  08/02

SKY COVER
POSSIBLE SUNSHINE (PERCENT)   MM
AVERAGE SKY COVER           0.28
NUMBER OF DAYS FAIR           21
NUMBER OF DAYS PC              7
NUMBER OF DAYS CLOUDY          3

AVERAGE RH (PERCENT)     76

WEATHER CONDITIONS. NUMBER OF DAYS WITH
THUNDERSTORM              9     HAIL                       1
SLEET                     0     FOG                       22
FOG W/VIS <= 1/4 MILE     3     HAZE                       1

-  INDICATES NEGATIVE NUMBERS.
R  INDICATES RECORD WAS SET OR TIED.
MM INDICATES DATA IS MISSING.
T  INDICATES TRACE AMOUNT.

$$
